CRAN Package Check Results for Package spectrino

Last updated on 2022-05-20 12:53:37 CEST.

Flavor Version Tinstall Tcheck Ttotal Status Flags
r-devel-windows-x86_64 2.0.0 43.00 62.00 105.00 NOTE
r-release-windows-x86_64 2.0.0 34.00 68.00 102.00 NOTE
r-oldrel-macos-arm64 2.0.0 54.00 NOTE
r-oldrel-windows-ix86+x86_64 2.0.0 10.00 60.00 70.00 NOTE

Check Details

Version: 2.0.0
Check: LazyData
Result: NOTE
     'LazyData' is specified without a 'data' directory
Flavors: r-devel-windows-x86_64, r-release-windows-x86_64, r-oldrel-macos-arm64, r-oldrel-windows-ix86+x86_64