CRAN Package Check Results for Package spectrino

Last updated on 2023-12-10 04:00:11 CET.

Flavor Version Tinstall Tcheck Ttotal Status Flags
r-devel-windows-x86_64 2.0.0 5.00 59.00 64.00 NOTE
r-release-macos-x86_64 2.0.0 6.00 ERROR
r-release-windows-x86_64 2.0.0 6.00 62.00 68.00 NOTE
r-oldrel-windows-x86_64 2.0.0 7.00 66.00 73.00 NOTE

Check Details

Version: 2.0.0
Check: LazyData
Result: NOTE 'LazyData' is specified without a 'data' directory Flavors: r-devel-windows-x86_64, r-release-macos-x86_64, r-release-windows-x86_64, r-oldrel-windows-x86_64

Version: 2.0.0
Check: PDF version of manual
Result: WARN LaTeX errors when creating PDF version. This typically indicates Rd problems. Flavor: r-release-macos-x86_64

Version: 2.0.0
Check: PDF version of manual without index
Result: ERROR Re-running with no redirection of stdout/stderr. Flavor: r-release-macos-x86_64