Last updated on 2024-04-18 06:10:02 CEST.
Flavor | Version | Tinstall | Tcheck | Ttotal | Status | Flags |
---|---|---|---|---|---|---|
r-devel-linux-x86_64-debian-clang | 0.5-4 | 19.29 | 273.99 | 293.28 | NOTE | |
r-devel-linux-x86_64-debian-gcc | 0.5-4 | 17.61 | 202.78 | 220.39 | NOTE | |
r-devel-linux-x86_64-fedora-clang | 0.5-4 | 368.55 | NOTE | |||
r-devel-linux-x86_64-fedora-gcc | 0.5-4 | 376.97 | NOTE | |||
r-prerel-macos-arm64 | 0.5-4 | 112.00 | NOTE | |||
r-prerel-windows-x86_64 | 0.5-4 | 20.00 | 216.00 | 236.00 | NOTE | |
r-patched-linux-x86_64 | 0.5-4 | 19.49 | 261.94 | 281.43 | NOTE | |
r-release-linux-x86_64 | 0.5-4 | 14.72 | 266.49 | 281.21 | OK | |
r-release-macos-arm64 | 0.5-4 | 105.00 | OK | |||
r-release-macos-x86_64 | 0.5-4 | 276.00 | OK | |||
r-release-windows-x86_64 | 0.5-4 | 25.00 | 288.00 | 313.00 | OK | |
r-oldrel-macos-arm64 | 0.5-4 | 100.00 | OK | |||
r-oldrel-windows-x86_64 | 0.5-4 | 25.00 | 278.00 | 303.00 | OK |
Version: 0.5-4
Check: Rd files
Result: NOTE
checkRd: (-1) australia.Rd:15: Lost braces in \itemize; meant \describe ?
checkRd: (-1) australia.Rd:16: Lost braces in \itemize; meant \describe ?
checkRd: (-1) australia.Rd:17: Lost braces in \itemize; meant \describe ?
checkRd: (-1) australia.Rd:18: Lost braces in \itemize; meant \describe ?
checkRd: (-1) australia.Rd:19: Lost braces in \itemize; meant \describe ?
Flavors: r-devel-linux-x86_64-debian-clang, r-devel-linux-x86_64-debian-gcc, r-devel-linux-x86_64-fedora-clang, r-devel-linux-x86_64-fedora-gcc, r-prerel-macos-arm64, r-prerel-windows-x86_64, r-patched-linux-x86_64