Last updated on 2023-09-29 12:57:10 CEST.
Flavor | Version | Tinstall | Tcheck | Ttotal | Status | Flags |
---|---|---|---|---|---|---|
r-devel-linux-x86_64-debian-clang | 1.2-8 | 27.14 | 277.68 | 304.82 | OK | |
r-devel-linux-x86_64-debian-gcc | 1.2-8 | 20.06 | 204.68 | 224.74 | OK | |
r-devel-linux-x86_64-fedora-clang | 1.2-8 | 373.25 | NOTE | |||
r-devel-linux-x86_64-fedora-gcc | 1.2-8 | 360.57 | OK | |||
r-devel-windows-x86_64 | 1.2-8 | 30.00 | 261.00 | 291.00 | NOTE | |
r-patched-linux-x86_64 | 1.2-8 | 28.68 | 262.04 | 290.72 | OK | |
r-release-linux-x86_64 | 1.2-8 | 24.63 | 262.16 | 286.79 | OK | |
r-release-macos-arm64 | 1.2-8 | 107.00 | NOTE | |||
r-release-macos-x86_64 | 1.2-8 | 189.00 | NOTE | |||
r-release-windows-x86_64 | 1.2-8 | 39.00 | 337.00 | 376.00 | NOTE | |
r-oldrel-macos-arm64 | 1.2-8 | 99.00 | NOTE | |||
r-oldrel-macos-x86_64 | 1.2-8 | 140.00 | NOTE | |||
r-oldrel-windows-x86_64 | 1.2-8 | 39.00 | 317.00 | 356.00 | NOTE |
Version: 1.2-8
Check: installed package size
Result: NOTE
installed size is 8.6Mb
sub-directories of 1Mb or more:
doc 5.8Mb
etc 1.4Mb
Flavors: r-devel-linux-x86_64-fedora-clang, r-devel-windows-x86_64, r-release-macos-arm64, r-release-macos-x86_64, r-release-windows-x86_64, r-oldrel-macos-arm64, r-oldrel-macos-x86_64, r-oldrel-windows-x86_64