Last updated on 2024-04-26 06:49:59 CEST.
Flavor | Version | Tinstall | Tcheck | Ttotal | Status | Flags |
---|---|---|---|---|---|---|
r-devel-linux-x86_64-debian-clang | 0.6.7 | 57.25 | 80.59 | 137.84 | NOTE | |
r-devel-linux-x86_64-debian-gcc | 0.6.8 | 53.63 | 58.17 | 111.80 | OK | |
r-devel-linux-x86_64-fedora-clang | 0.6.8 | 166.27 | OK | |||
r-devel-linux-x86_64-fedora-gcc | 0.6.8 | 189.18 | OK | |||
r-devel-windows-x86_64 | 0.6.8 | 74.00 | 96.00 | 170.00 | OK | |
r-patched-linux-x86_64 | 0.6.7 | 68.16 | 77.31 | 145.47 | NOTE | |
r-release-linux-x86_64 | 0.6.7 | 65.02 | 79.41 | 144.43 | OK | |
r-release-macos-arm64 | 0.6.8 | 54.00 | OK | |||
r-release-macos-x86_64 | 0.6.8 | 134.00 | OK | |||
r-release-windows-x86_64 | 0.6.7 | 73.00 | 95.00 | 168.00 | NOTE | |
r-oldrel-macos-arm64 | 0.6.8 | 61.00 | OK | |||
r-oldrel-macos-x86_64 | 0.6.8 | 138.00 | OK | |||
r-oldrel-windows-x86_64 | 0.6.8 | 70.00 | 108.00 | 178.00 | OK |
Version: 0.6.7
Check: Rd files
Result: NOTE
checkRd: (-1) dphat.Rd:25: Lost braces
25 | These results were heavily used in Krumbholz/Z\"{o}ller (1995) for Shewhart and in Knoth/Steinmetz (2013) for EWMA control charts.
| ^
checkRd: (-1) dphat.Rd:38: Lost braces
38 | W. Krumbholz and A. Z\"{o}ller (1995),
| ^
checkRd: (-1) dphat.Rd:39: Lost braces
39 | \code{p}-Karten vom Shewhartschen Typ f\"{u}r die messende Pr\"{u}fung,
| ^
checkRd: (-1) dphat.Rd:39: Lost braces
39 | \code{p}-Karten vom Shewhartschen Typ f\"{u}r die messende Pr\"{u}fung,
| ^
checkRd: (-1) xshewhartrunsrules.arl.Rd:37-38: Lost braces in \itemize; meant \describe ?
checkRd: (-1) xshewhartrunsrules.arl.Rd:39-40: Lost braces in \itemize; meant \describe ?
checkRd: (-1) xshewhartrunsrules.arl.Rd:41-42: Lost braces in \itemize; meant \describe ?
checkRd: (-1) xshewhartrunsrules.arl.Rd:43-44: Lost braces in \itemize; meant \describe ?
Flavors: r-devel-linux-x86_64-debian-clang, r-patched-linux-x86_64, r-release-windows-x86_64
Version: 0.6.7
Check: Rd line widths
Result: NOTE
Rd file 'pois.crit.L0L1.Rd':
\examples lines wider than 100 characters:
## Not run: kh <- xcusum.crit.L0L1(La, Lr, sided="one") # instead of deploying EK1960, one could use more accurate numbers
These lines will be truncated in the PDF manual.
Flavors: r-devel-linux-x86_64-debian-clang, r-patched-linux-x86_64