Last updated on 2023-06-08 11:59:39 CEST.
Flavor | Version | Tinstall | Tcheck | Ttotal | Status | Flags |
---|---|---|---|---|---|---|
r-devel-linux-x86_64-debian-clang | 3.2-4 | 39.59 | 559.13 | 598.72 | NOTE | |
r-devel-linux-x86_64-debian-gcc | 3.2-4 | 36.25 | 417.17 | 453.42 | NOTE | |
r-devel-linux-x86_64-fedora-clang | 3.2-4 | 664.29 | NOTE | |||
r-devel-linux-x86_64-fedora-gcc | 3.2-4 | 715.89 | NOTE | |||
r-devel-windows-x86_64 | 3.2-4 | 47.00 | 522.00 | 569.00 | NOTE | |
r-patched-linux-x86_64 | 3.2-4 | 71.04 | 539.52 | 610.56 | NOTE | |
r-release-linux-x86_64 | 3.2-4 | 42.28 | 531.69 | 573.97 | NOTE | |
r-release-macos-arm64 | 3.2-4 | 193.00 | NOTE | |||
r-release-macos-x86_64 | 3.2-3 | 444.00 | NOTE | |||
r-release-windows-x86_64 | 3.2-4 | 56.00 | 648.00 | 704.00 | NOTE | |
r-oldrel-macos-arm64 | 3.2-4 | 191.00 | NOTE | |||
r-oldrel-macos-x86_64 | 3.2-4 | 254.00 | NOTE | |||
r-oldrel-windows-x86_64 | 3.2-4 | 55.00 | 626.00 | 681.00 | NOTE |
Version: 3.2-4
Check: package dependencies
Result: NOTE
Packages suggested but not available for checking:
'RandomFields', 'RandomFieldsUtils'
Depends: includes the non-default packages:
'spatstat.data', 'spatstat.geom', 'spatstat.random',
'spatstat.explore', 'nlme', 'rpart'
Adding so many packages to the search path is excessive and importing
selectively is preferable.
Flavors: r-devel-linux-x86_64-debian-clang, r-devel-linux-x86_64-debian-gcc, r-devel-linux-x86_64-fedora-clang, r-devel-linux-x86_64-fedora-gcc, r-devel-windows-x86_64, r-patched-linux-x86_64, r-release-linux-x86_64, r-release-macos-arm64
Version: 3.2-4
Check: Rd cross-references
Result: NOTE
Package unavailable to check Rd xrefs: ‘RandomFields’
Flavors: r-devel-linux-x86_64-debian-clang, r-devel-linux-x86_64-debian-gcc, r-devel-linux-x86_64-fedora-clang, r-devel-linux-x86_64-fedora-gcc, r-devel-windows-x86_64, r-patched-linux-x86_64, r-release-linux-x86_64, r-release-macos-arm64
Version: 3.2-3
Check: package dependencies
Result: NOTE
Packages suggested but not available for checking:
'RandomFields', 'RandomFieldsUtils'
Depends: includes the non-default packages:
'spatstat.data', 'spatstat.geom', 'spatstat.random',
'spatstat.explore', 'nlme', 'rpart'
Adding so many packages to the search path is excessive and importing
selectively is preferable.
Flavor: r-release-macos-x86_64
Version: 3.2-3
Check: Rd cross-references
Result: NOTE
Package unavailable to check Rd xrefs: ‘RandomFields’
Flavor: r-release-macos-x86_64
Version: 3.2-4
Check: package dependencies
Result: NOTE
Depends: includes the non-default packages:
'spatstat.data', 'spatstat.geom', 'spatstat.random',
'spatstat.explore', 'nlme', 'rpart'
Adding so many packages to the search path is excessive and importing
selectively is preferable.
Flavors: r-release-windows-x86_64, r-oldrel-macos-arm64, r-oldrel-macos-x86_64, r-oldrel-windows-x86_64