Last updated on 2025-02-22 21:51:38 CET.
Flavor | Version | Tinstall | Tcheck | Ttotal | Status | Flags |
---|---|---|---|---|---|---|
r-devel-linux-x86_64-debian-clang | 5.1-0 | 12.74 | 135.07 | 147.81 | OK | |
r-devel-linux-x86_64-debian-gcc | 5.1-0 | 8.51 | 94.95 | 103.46 | OK | |
r-devel-linux-x86_64-fedora-clang | 5.1-0 | 241.50 | OK | |||
r-devel-linux-x86_64-fedora-gcc | 5.1-0 | 224.79 | OK | |||
r-devel-macos-arm64 | 5.1-0 | 61.00 | OK | |||
r-devel-macos-x86_64 | 5.1-0 | 127.00 | OK | |||
r-devel-windows-x86_64 | 5.1-0 | 12.00 | 154.00 | 166.00 | OK | |
r-patched-linux-x86_64 | 5.1-0 | 10.44 | 126.99 | 137.43 | NOTE | |
r-release-linux-x86_64 | 5.1-0 | 11.79 | 128.46 | 140.25 | NOTE | |
r-release-macos-arm64 | 5.1-0 | 65.00 | NOTE | |||
r-release-macos-x86_64 | 5.1-0 | 173.00 | NOTE | |||
r-release-windows-x86_64 | 5.1-0 | 11.00 | 154.00 | 165.00 | NOTE | |
r-oldrel-macos-arm64 | 5.1-0 | 70.00 | NOTE | |||
r-oldrel-macos-x86_64 | 5.1-0 | 147.00 | NOTE | |||
r-oldrel-windows-x86_64 | 5.1-0 | 19.00 | 188.00 | 207.00 | NOTE |
Version: 5.1-0
Check: package dependencies
Result: NOTE
Depends: includes the non-default packages:
'spatstat.data', 'spatstat.univar', 'spatstat.sparse',
'spatstat.geom', 'spatstat.random', 'spatstat.explore',
'spatstat.model', 'spatstat'
Adding so many packages to the search path is excessive and importing
selectively is preferable.
Flavors: r-patched-linux-x86_64, r-release-linux-x86_64, r-release-macos-arm64, r-release-macos-x86_64, r-release-windows-x86_64, r-oldrel-macos-arm64, r-oldrel-macos-x86_64, r-oldrel-windows-x86_64