Last updated on 2025-02-22 12:50:52 CET.
Flavor | Version | Tinstall | Tcheck | Ttotal | Status | Flags |
---|---|---|---|---|---|---|
r-devel-linux-x86_64-debian-clang | 3.3-1 | 8.99 | 157.05 | 166.04 | OK | |
r-devel-linux-x86_64-debian-gcc | 3.3-1 | 6.75 | 118.90 | 125.65 | OK | |
r-devel-linux-x86_64-fedora-clang | 3.3-1 | 267.21 | OK | |||
r-devel-linux-x86_64-fedora-gcc | 3.3-1 | 264.34 | OK | |||
r-devel-macos-arm64 | 3.3-1 | 95.00 | OK | |||
r-devel-macos-x86_64 | 3.3-1 | 126.00 | OK | |||
r-devel-windows-x86_64 | 3.3-1 | 10.00 | 232.00 | 242.00 | OK | |
r-patched-linux-x86_64 | 3.3-1 | 8.62 | 146.35 | 154.97 | NOTE | |
r-release-linux-x86_64 | 3.3-1 | 7.01 | 146.32 | 153.33 | NOTE | |
r-release-macos-arm64 | 3.3-1 | 93.00 | NOTE | |||
r-release-macos-x86_64 | 3.3-1 | 149.00 | NOTE | |||
r-release-windows-x86_64 | 3.3-1 | 11.00 | 234.00 | 245.00 | NOTE | |
r-oldrel-macos-arm64 | 3.3-0 | 96.00 | NOTE | |||
r-oldrel-macos-x86_64 | 3.3-1 | 175.00 | NOTE | |||
r-oldrel-windows-x86_64 | 3.3-1 | 12.00 | 244.00 | 256.00 | NOTE |
Version: 3.3-1
Check: package dependencies
Result: NOTE
Depends: includes the non-default packages:
'spatstat.data', 'spatstat.univar', 'spatstat.geom',
'spatstat.random', 'spatstat.explore', 'spatstat.model',
'spatstat.linnet'
Adding so many packages to the search path is excessive and importing
selectively is preferable.
Flavors: r-patched-linux-x86_64, r-release-linux-x86_64, r-release-macos-arm64, r-release-macos-x86_64, r-release-windows-x86_64, r-oldrel-macos-x86_64, r-oldrel-windows-x86_64
Version: 3.3-1
Check: installed package size
Result: NOTE
installed size is 5.2Mb
sub-directories of 1Mb or more:
doc 4.5Mb
Flavors: r-release-macos-arm64, r-release-macos-x86_64, r-release-windows-x86_64, r-oldrel-macos-x86_64, r-oldrel-windows-x86_64
Version: 3.3-0
Check: package dependencies
Result: NOTE
Depends: includes the non-default packages:
'spatstat.data', 'spatstat.univar', 'spatstat.geom',
'spatstat.random', 'spatstat.explore', 'spatstat.model',
'spatstat.linnet'
Adding so many packages to the search path is excessive and importing
selectively is preferable.
Flavor: r-oldrel-macos-arm64
Version: 3.3-0
Check: installed package size
Result: NOTE
installed size is 5.2Mb
sub-directories of 1Mb or more:
doc 4.5Mb
Flavor: r-oldrel-macos-arm64