Last updated on 2024-03-29 00:51:02 CET.
Flavor | Version | Tinstall | Tcheck | Ttotal | Status | Flags |
---|---|---|---|---|---|---|
r-devel-linux-x86_64-debian-clang | 3.2-9 | 71.68 | 421.00 | 492.68 | OK | |
r-devel-linux-x86_64-debian-gcc | 3.2-9 | 57.65 | 304.72 | 362.37 | OK | |
r-devel-linux-x86_64-fedora-clang | 3.2-9 | 629.61 | OK | |||
r-devel-linux-x86_64-fedora-gcc | 3.2-9 | 579.32 | OK | |||
r-devel-windows-x86_64 | 3.2-9 | 76.00 | 437.00 | 513.00 | OK | |
r-patched-linux-x86_64 | 3.2-9 | 95.06 | 407.23 | 502.29 | OK | |
r-release-linux-x86_64 | 3.2-9 | 71.22 | 412.19 | 483.41 | OK | |
r-release-macos-arm64 | 3.2-9 | 146.00 | OK | |||
r-release-macos-x86_64 | 3.2-9 | 370.00 | NOTE | |||
r-release-windows-x86_64 | 3.2-9 | 91.00 | 557.00 | 648.00 | OK | |
r-oldrel-macos-arm64 | 3.2-9 | 140.00 | NOTE | |||
r-oldrel-windows-x86_64 | 3.2-9 | 90.00 | 535.00 | 625.00 | OK |
Version: 3.2-9
Check: installed package size
Result: NOTE
installed size is 5.4Mb
sub-directories of 1Mb or more:
R 2.0Mb
help 2.1Mb
libs 1.0Mb
Flavors: r-release-macos-x86_64, r-oldrel-macos-arm64