Last updated on 2024-03-29 12:54:19 CET.
Flavor | Version | Tinstall | Tcheck | Ttotal | Status | Flags |
---|---|---|---|---|---|---|
r-devel-linux-x86_64-debian-clang | 3.0-2 | 12.44 | 106.43 | 118.87 | NOTE | |
r-devel-linux-x86_64-debian-gcc | 3.0-2 | 9.70 | 78.46 | 88.16 | NOTE | |
r-devel-linux-x86_64-fedora-clang | 3.0-2 | 150.09 | NOTE | |||
r-devel-linux-x86_64-fedora-gcc | 3.0-2 | 141.14 | NOTE | |||
r-devel-windows-x86_64 | 3.0-2 | 14.00 | 90.00 | 104.00 | NOTE | |
r-patched-linux-x86_64 | 3.0-2 | 12.65 | 101.05 | 113.70 | NOTE | |
r-release-linux-x86_64 | 3.0-2 | 8.32 | 105.36 | 113.68 | NOTE | |
r-release-macos-arm64 | 3.0-2 | 50.00 | NOTE | |||
r-release-macos-x86_64 | 3.0-2 | 75.00 | NOTE | |||
r-release-windows-x86_64 | 3.0-2 | 17.00 | 110.00 | 127.00 | NOTE | |
r-oldrel-macos-arm64 | 3.0-2 | 47.00 | NOTE | |||
r-oldrel-windows-x86_64 | 3.0-2 | 18.00 | 114.00 | 132.00 | NOTE |
Version: 3.0-2
Check: package dependencies
Result: NOTE
Depends: includes the non-default packages:
'spatstat.data', 'spatstat.sparse', 'spatstat.geom',
'spatstat.random', 'spatstat.explore', 'spatstat.model',
'spatstat.linnet', 'spatstat'
Adding so many packages to the search path is excessive and importing
selectively is preferable.
Flavors: r-devel-linux-x86_64-debian-clang, r-devel-linux-x86_64-debian-gcc, r-devel-linux-x86_64-fedora-clang, r-devel-linux-x86_64-fedora-gcc, r-devel-windows-x86_64, r-patched-linux-x86_64, r-release-linux-x86_64, r-release-macos-arm64, r-release-macos-x86_64, r-release-windows-x86_64, r-oldrel-macos-arm64, r-oldrel-windows-x86_64