CRAN Package Check Results for Package spatialrisk

Last updated on 2021-12-06 12:54:02 CET.

Flavor Version Tinstall Tcheck Ttotal Status Flags
r-devel-linux-x86_64-debian-clang 0.7.0 50.30 306.58 356.88 OK
r-devel-linux-x86_64-debian-gcc 0.7.0 41.37 233.41 274.78 OK
r-devel-linux-x86_64-fedora-clang 0.7.0 432.44 NOTE
r-devel-linux-x86_64-fedora-gcc 0.7.0 421.67 NOTE
r-devel-windows-x86_64-new-UL 0.7.0 80.00 363.00 443.00 NOTE
r-devel-windows-x86_64-new-TK 0.7.0 NOTE
r-devel-windows-x86_64-old 0.7.0 73.00 249.00 322.00 NOTE
r-patched-linux-x86_64 0.7.0 50.60 286.34 336.94 OK
r-release-linux-x86_64 0.7.0 39.29 296.92 336.21 OK
r-release-macos-arm64 0.7.0 NOTE
r-release-macos-x86_64 0.7.0 NOTE
r-release-windows-ix86+x86_64 0.7.0 121.00 488.00 609.00 NOTE
r-oldrel-macos-x86_64 0.7.0 NOTE
r-oldrel-windows-ix86+x86_64 0.7.0 130.00 502.00 632.00 NOTE

Check Details

Version: 0.7.0
Check: installed package size
Result: NOTE
     installed size is 5.4Mb
     sub-directories of 1Mb or more:
     data 2.6Mb
     help 1.7Mb
Flavors: r-devel-linux-x86_64-fedora-clang, r-devel-windows-x86_64-new-UL, r-devel-windows-x86_64-old, r-release-macos-arm64, r-release-macos-x86_64, r-release-windows-ix86+x86_64, r-oldrel-macos-x86_64, r-oldrel-windows-ix86+x86_64

Version: 0.7.0
Check: data for non-ASCII characters
Result: NOTE
     Note: found 283 marked UTF-8 strings
Flavors: r-devel-linux-x86_64-fedora-clang, r-devel-linux-x86_64-fedora-gcc, r-devel-windows-x86_64-new-TK, r-release-macos-arm64, r-release-macos-x86_64, r-oldrel-macos-x86_64