Last updated on 2024-04-19 06:03:37 CEST.
Flavor | Version | Tinstall | Tcheck | Ttotal | Status | Flags |
---|---|---|---|---|---|---|
r-devel-linux-x86_64-debian-clang | 0.1.2 | 3.53 | 136.90 | 140.43 | NOTE | |
r-devel-linux-x86_64-debian-gcc | 0.1.2 | NOTE | ||||
r-devel-linux-x86_64-fedora-clang | 0.1.2 | 174.50 | NOTE | |||
r-devel-linux-x86_64-fedora-gcc | 0.1.2 | 189.87 | NOTE | |||
r-prerel-macos-arm64 | 0.1.2 | 71.00 | NOTE | |||
r-prerel-windows-x86_64 | 0.1.2 | 5.00 | 121.00 | 126.00 | NOTE | |
r-patched-linux-x86_64 | 0.1.2 | 2.70 | 142.54 | 145.24 | NOTE | |
r-release-linux-x86_64 | 0.1.2 | 3.22 | 138.10 | 141.32 | NOTE | |
r-release-macos-arm64 | 0.1.2 | 72.00 | NOTE | |||
r-release-macos-x86_64 | 0.1.2 | 104.00 | NOTE | |||
r-release-windows-x86_64 | 0.1.2 | 5.00 | 143.00 | 148.00 | NOTE | |
r-oldrel-macos-arm64 | 0.1.2 | 73.00 | NOTE | |||
r-oldrel-windows-x86_64 | 0.1.2 | 6.00 | 149.00 | 155.00 | NOTE |
Version: 0.1.2
Check: LazyData
Result: NOTE
'LazyData' is specified without a 'data' directory
Flavors: r-devel-linux-x86_64-debian-clang, r-devel-linux-x86_64-debian-gcc, r-devel-linux-x86_64-fedora-clang, r-devel-linux-x86_64-fedora-gcc, r-prerel-macos-arm64, r-prerel-windows-x86_64, r-patched-linux-x86_64, r-release-linux-x86_64, r-release-macos-arm64, r-release-macos-x86_64, r-release-windows-x86_64, r-oldrel-macos-arm64, r-oldrel-windows-x86_64
Version: 0.1.2
Check: dependencies in R code
Result: NOTE
Namespaces in Imports field not imported from:
‘irlba’ ‘knitr’ ‘rmarkdown’
All declared Imports should be used.
Flavors: r-devel-linux-x86_64-fedora-clang, r-devel-linux-x86_64-fedora-gcc, r-oldrel-macos-arm64