Last updated on 2023-03-29 03:53:17 CEST.
Flavor | Version | Tinstall | Tcheck | Ttotal | Status | Flags |
---|---|---|---|---|---|---|
r-devel-linux-x86_64-debian-clang | 1.3 | 38.10 | 129.58 | 167.68 | NOTE | |
r-devel-linux-x86_64-debian-gcc | 1.3 | 30.01 | 93.74 | 123.75 | NOTE | |
r-devel-linux-x86_64-fedora-clang | 1.3 | 211.68 | NOTE | |||
r-devel-linux-x86_64-fedora-gcc | 1.3 | 205.97 | NOTE | |||
r-patched-linux-x86_64 | 1.3 | 34.15 | 119.09 | 153.24 | NOTE | |
r-release-linux-x86_64 | 1.3 | 22.01 | 118.96 | 140.97 | NOTE | |
r-release-macos-arm64 | 1.3 | 51.00 | NOTE | |||
r-release-macos-x86_64 | 1.3 | 96.00 | NOTE | |||
r-release-windows-x86_64 | 1.3 | 43.00 | 164.00 | 207.00 | NOTE | |
r-oldrel-macos-arm64 | 1.3 | 56.00 | NOTE | |||
r-oldrel-macos-x86_64 | 1.3 | 99.00 | NOTE | |||
r-oldrel-windows-ix86+x86_64 | 1.3 | 78.00 | 197.00 | 275.00 | NOTE |
Version: 1.3
Check: LazyData
Result: NOTE
'LazyData' is specified without a 'data' directory
Flavors: r-devel-linux-x86_64-debian-clang, r-devel-linux-x86_64-debian-gcc, r-devel-linux-x86_64-fedora-clang, r-devel-linux-x86_64-fedora-gcc, r-patched-linux-x86_64, r-release-linux-x86_64, r-release-macos-arm64, r-release-macos-x86_64, r-release-windows-x86_64, r-oldrel-macos-arm64, r-oldrel-macos-x86_64, r-oldrel-windows-ix86+x86_64