Last updated on 2024-04-23 05:58:28 CEST.
Flavor | Version | Tinstall | Tcheck | Ttotal | Status | Flags |
---|---|---|---|---|---|---|
r-devel-linux-x86_64-debian-clang | 0.1.0 | 90.88 | 84.12 | 175.00 | NOTE | |
r-devel-linux-x86_64-debian-gcc | 0.1.0 | 70.25 | 61.81 | 132.06 | NOTE | |
r-devel-linux-x86_64-fedora-clang | 0.1.0 | 243.74 | NOTE | |||
r-devel-linux-x86_64-fedora-gcc | 0.1.0 | 235.33 | NOTE | |||
r-prerel-macos-arm64 | 0.1.0 | 52.00 | NOTE | |||
r-prerel-windows-x86_64 | 0.1.0 | 70.00 | 97.00 | 167.00 | NOTE | |
r-patched-linux-x86_64 | 0.1.0 | 101.10 | 81.04 | 182.14 | NOTE | |
r-release-linux-x86_64 | 0.1.0 | 83.98 | 81.78 | 165.76 | NOTE | |
r-release-macos-arm64 | 0.1.0 | 62.00 | NOTE | |||
r-release-macos-x86_64 | 0.1.0 | 104.00 | NOTE | |||
r-release-windows-x86_64 | 0.1.0 | 86.00 | 115.00 | 201.00 | NOTE | |
r-oldrel-macos-arm64 | 0.1.0 | 56.00 | OK | |||
r-oldrel-windows-x86_64 | 0.1.0 | 89.00 | 108.00 | 197.00 | OK |
Version: 0.1.0
Check: C++ specification
Result: NOTE
Specified C++11: please drop specification unless essential
Flavors: r-devel-linux-x86_64-debian-clang, r-devel-linux-x86_64-debian-gcc, r-devel-linux-x86_64-fedora-clang, r-devel-linux-x86_64-fedora-gcc, r-prerel-macos-arm64, r-prerel-windows-x86_64, r-patched-linux-x86_64, r-release-linux-x86_64, r-release-macos-arm64, r-release-macos-x86_64, r-release-windows-x86_64