CRAN Package Check Results for Package sparsebnUtils

Last updated on 2023-10-04 20:42:40 CEST.

Flavor Version Tinstall Tcheck Ttotal Status Flags
r-devel-linux-x86_64-debian-clang 0.0.8 5.25 61.37 66.62 NOTE
r-devel-linux-x86_64-debian-gcc 0.0.8 3.92 45.98 49.90 NOTE
r-devel-linux-x86_64-fedora-clang 0.0.8 81.52 NOTE
r-devel-linux-x86_64-fedora-gcc 0.0.8 78.43 NOTE
r-devel-windows-x86_64 0.0.8 6.00 69.00 75.00 NOTE
r-patched-linux-x86_64 0.0.8 5.11 58.95 64.06 NOTE
r-release-linux-x86_64 0.0.8 4.95 58.92 63.87 NOTE
r-release-macos-arm64 0.0.8 30.00 NOTE
r-release-macos-x86_64 0.0.8 42.00 NOTE
r-release-windows-x86_64 0.0.8 7.00 78.00 85.00 NOTE
r-oldrel-macos-arm64 0.0.8 28.00 OK
r-oldrel-macos-x86_64 0.0.8 40.00 NOTE
r-oldrel-windows-x86_64 0.0.8 8.00 79.00 87.00 NOTE

Check Details

Version: 0.0.8
Check: Rd cross-references
Result: NOTE
    Unknown package ‘sparsebn’ in Rd xrefs
Flavors: r-devel-linux-x86_64-debian-clang, r-devel-linux-x86_64-debian-gcc, r-devel-linux-x86_64-fedora-gcc, r-devel-windows-x86_64, r-patched-linux-x86_64, r-release-linux-x86_64, r-release-macos-arm64, r-release-macos-x86_64, r-release-windows-x86_64, r-oldrel-macos-x86_64, r-oldrel-windows-x86_64

Version: 0.0.8
Check: Rd cross-references
Result: NOTE
    Undeclared package ‘sparsebn’ in Rd xrefs
    Unknown package ‘sparsebn’ in Rd xrefs
Flavor: r-devel-linux-x86_64-fedora-clang