Last updated on 2025-02-04 03:50:01 CET.
Flavor | Version | Tinstall | Tcheck | Ttotal | Status | Flags |
---|---|---|---|---|---|---|
r-devel-linux-x86_64-debian-clang | 1.1-7 | 3.18 | 20.92 | 24.10 | OK | |
r-devel-linux-x86_64-debian-gcc | 1.1-7 | 2.55 | 17.17 | 19.72 | OK | |
r-devel-linux-x86_64-fedora-clang | 1.1-7 | 38.60 | NOTE | |||
r-devel-linux-x86_64-fedora-gcc | 1.1-7 | 36.72 | NOTE | |||
r-devel-windows-x86_64 | 1.1-7 | 5.00 | 47.00 | 52.00 | OK | |
r-patched-linux-x86_64 | 1.1-7 | 3.37 | 19.66 | 23.03 | OK | |
r-release-linux-x86_64 | 1.1-7 | 3.27 | 20.04 | 23.31 | OK | |
r-release-macos-arm64 | 1.1-7 | 18.00 | OK | |||
r-release-macos-x86_64 | 1.1-7 | 37.00 | OK | |||
r-release-windows-x86_64 | 1.1-7 | 7.00 | 47.00 | 54.00 | OK | |
r-oldrel-macos-arm64 | 1.1-7 | 22.00 | OK | |||
r-oldrel-macos-x86_64 | 1.1-7 | 43.00 | OK | |||
r-oldrel-windows-x86_64 | 1.1-7 | 8.00 | 49.00 | 57.00 | OK |
Version: 1.1-7
Check: compiled code
Result: NOTE
File ‘sparseSVM/libs/sparseSVM.so’:
Found no call to: ‘R_useDynamicSymbols’
It is good practice to register native routines and to disable symbol
search.
See ‘Writing portable packages’ in the ‘Writing R Extensions’ manual.
Flavors: r-devel-linux-x86_64-fedora-clang, r-devel-linux-x86_64-fedora-gcc