Last updated on 2024-03-28 12:50:48 CET.
Flavor | Version | Tinstall | Tcheck | Ttotal | Status | Flags |
---|---|---|---|---|---|---|
r-devel-linux-x86_64-debian-clang | 0.0.4 | 8.02 | 69.18 | 77.20 | NOTE | |
r-devel-linux-x86_64-debian-gcc | 0.0.4 | 5.87 | 51.74 | 57.61 | NOTE | |
r-devel-linux-x86_64-fedora-clang | 0.0.4 | 104.40 | NOTE | |||
r-devel-linux-x86_64-fedora-gcc | 0.0.4 | 94.16 | NOTE | |||
r-devel-windows-x86_64 | 0.0.4 | 8.00 | 67.00 | 75.00 | NOTE | |
r-patched-linux-x86_64 | 0.0.4 | 5.59 | 63.63 | 69.22 | NOTE | |
r-release-linux-x86_64 | 0.0.4 | 4.81 | 65.42 | 70.23 | OK | |
r-release-macos-arm64 | 0.0.4 | 29.00 | OK | |||
r-release-macos-x86_64 | 0.0.4 | 55.00 | OK | |||
r-release-windows-x86_64 | 0.0.4 | 10.00 | 75.00 | 85.00 | OK | |
r-oldrel-macos-arm64 | 0.0.4 | 25.00 | OK | |||
r-oldrel-windows-x86_64 | 0.0.4 | 10.00 | 81.00 | 91.00 | OK |
Version: 0.0.4
Check: Rd files
Result: NOTE
checkRd: (-1) sdf_unnest.Rd:20: Lost braces
20 | \code{a1, a2, a3}, then code{sdf_explode(df, a)} will produce output with each record replicated
| ^
Flavors: r-devel-linux-x86_64-debian-clang, r-devel-linux-x86_64-debian-gcc, r-devel-linux-x86_64-fedora-clang, r-devel-linux-x86_64-fedora-gcc, r-devel-windows-x86_64, r-patched-linux-x86_64