Last updated on 2024-04-26 06:49:59 CEST.
Flavor | Version | Tinstall | Tcheck | Ttotal | Status | Flags |
---|---|---|---|---|---|---|
r-devel-linux-x86_64-debian-clang | 0.3.0 | 8.50 | 65.70 | 74.20 | NOTE | |
r-devel-linux-x86_64-debian-gcc | 0.3.0 | 5.56 | 49.03 | 54.59 | NOTE | |
r-devel-linux-x86_64-fedora-clang | 0.3.0 | 93.03 | NOTE | |||
r-devel-linux-x86_64-fedora-gcc | 0.3.0 | 87.64 | NOTE | |||
r-devel-windows-x86_64 | 0.3.0 | 7.00 | 71.00 | 78.00 | NOTE | |
r-patched-linux-x86_64 | 0.3.0 | 5.17 | 60.42 | 65.59 | NOTE | |
r-release-linux-x86_64 | 0.3.0 | 4.80 | 63.00 | 67.80 | NOTE | |
r-release-macos-arm64 | 0.3.0 | 29.00 | NOTE | |||
r-release-windows-x86_64 | 0.3.0 | 7.00 | 69.00 | 76.00 | NOTE | |
r-oldrel-macos-arm64 | 0.3.0 | 32.00 | NOTE | |||
r-oldrel-macos-x86_64 | 0.3.0 | 51.00 | NOTE | |||
r-oldrel-windows-x86_64 | 0.3.0 | 9.00 | 79.00 | 88.00 | NOTE |
Version: 0.3.0
Check: LazyData
Result: NOTE
'LazyData' is specified without a 'data' directory
Flavors: r-devel-linux-x86_64-debian-clang, r-devel-linux-x86_64-debian-gcc, r-devel-linux-x86_64-fedora-clang, r-devel-linux-x86_64-fedora-gcc, r-devel-windows-x86_64, r-patched-linux-x86_64, r-release-linux-x86_64, r-release-macos-arm64, r-release-windows-x86_64, r-oldrel-macos-arm64, r-oldrel-macos-x86_64, r-oldrel-windows-x86_64