Last updated on 2024-03-28 12:50:48 CET.
Flavor | Version | Tinstall | Tcheck | Ttotal | Status | Flags |
---|---|---|---|---|---|---|
r-devel-linux-x86_64-debian-clang | 0.6.0 | 2.37 | 67.75 | 70.12 | NOTE | |
r-devel-linux-x86_64-debian-gcc | 0.6.0 | 1.78 | 48.57 | 50.35 | NOTE | |
r-devel-linux-x86_64-fedora-clang | 0.6.0 | 87.38 | NOTE | |||
r-devel-linux-x86_64-fedora-gcc | 0.6.0 | 110.13 | NOTE | |||
r-devel-windows-x86_64 | 0.6.0 | 2.00 | 110.00 | 112.00 | NOTE | |
r-patched-linux-x86_64 | 0.6.0 | 1.91 | 62.15 | 64.06 | NOTE | |
r-release-linux-x86_64 | 0.6.0 | 2.14 | 62.90 | 65.04 | NOTE | |
r-release-macos-arm64 | 0.6.0 | 44.00 | NOTE | |||
r-release-macos-x86_64 | 0.6.0 | 70.00 | NOTE | |||
r-release-windows-x86_64 | 0.6.0 | 3.00 | 112.00 | 115.00 | NOTE | |
r-oldrel-macos-arm64 | 0.6.0 | 42.00 | NOTE | |||
r-oldrel-windows-x86_64 | 0.6.0 | 4.00 | 112.00 | 116.00 | NOTE |
Version: 0.6.0
Check: LazyData
Result: NOTE
'LazyData' is specified without a 'data' directory
Flavors: r-devel-linux-x86_64-debian-clang, r-devel-linux-x86_64-debian-gcc, r-devel-linux-x86_64-fedora-clang, r-devel-linux-x86_64-fedora-gcc, r-devel-windows-x86_64, r-patched-linux-x86_64, r-release-linux-x86_64, r-release-macos-arm64, r-release-macos-x86_64, r-release-windows-x86_64, r-oldrel-macos-arm64, r-oldrel-windows-x86_64
Version: 0.6.0
Check: dependencies in R code
Result: NOTE
Namespace in Imports field not imported from: ‘utils’
All declared Imports should be used.
Flavors: r-devel-linux-x86_64-fedora-clang, r-devel-linux-x86_64-fedora-gcc