Last updated on 2023-03-26 12:55:25 CEST.
Flavor | Version | Tinstall | Tcheck | Ttotal | Status | Flags |
---|---|---|---|---|---|---|
r-devel-linux-x86_64-debian-clang | 1.2-8 | 14.69 | 207.29 | 221.98 | OK | |
r-devel-linux-x86_64-debian-gcc | 1.2-8 | 12.20 | 157.57 | 169.77 | OK | |
r-devel-linux-x86_64-fedora-clang | 1.2-8 | 294.81 | OK | |||
r-devel-linux-x86_64-fedora-gcc | 1.2-8 | 307.62 | OK | |||
r-patched-linux-x86_64 | 1.2-8 | 17.20 | 197.88 | 215.08 | OK | |
r-release-linux-x86_64 | 1.2-8 | 13.76 | 198.16 | 211.92 | OK | |
r-release-macos-arm64 | 1.2-8 | 95.00 | NOTE | |||
r-release-macos-x86_64 | 1.2-8 | 134.00 | OK | |||
r-release-windows-x86_64 | 1.2-8 | 91.00 | 323.00 | 414.00 | OK | |
r-oldrel-macos-arm64 | 1.2-8 | 89.00 | OK | |||
r-oldrel-macos-x86_64 | 1.2-8 | 133.00 | OK | |||
r-oldrel-windows-ix86+x86_64 | 1.2-8 | 27.00 | 269.00 | 296.00 | OK |
Version: 1.2-8
Check: package dependencies
Result: NOTE
Package suggested but not available for checking: ‘sftime’
Flavor: r-release-macos-arm64