Last updated on 2024-04-23 05:58:29 CEST.
Flavor | Version | Tinstall | Tcheck | Ttotal | Status | Flags |
---|---|---|---|---|---|---|
r-devel-linux-x86_64-debian-clang | 3.3.2 | 32.32 | 112.81 | 145.13 | NOTE | |
r-devel-linux-x86_64-debian-gcc | 3.3.2 | 21.75 | 78.66 | 100.41 | NOTE | |
r-devel-linux-x86_64-fedora-clang | 3.3.2 | 169.29 | NOTE | |||
r-devel-linux-x86_64-fedora-gcc | 3.3.2 | 163.78 | NOTE | |||
r-prerel-macos-arm64 | 3.3.2 | 47.00 | NOTE | |||
r-prerel-windows-x86_64 | 3.3.2 | 30.00 | 95.00 | 125.00 | NOTE | |
r-patched-linux-x86_64 | 3.3.2 | 27.53 | 105.28 | 132.81 | NOTE | |
r-release-linux-x86_64 | 3.3.2 | 27.08 | 107.82 | 134.90 | OK | |
r-release-macos-arm64 | 3.3.2 | 49.00 | OK | |||
r-release-macos-x86_64 | 3.3.2 | 86.00 | OK | |||
r-release-windows-x86_64 | 3.3.2 | 39.00 | 113.00 | 152.00 | OK | |
r-oldrel-macos-arm64 | 3.3.2 | 46.00 | OK | |||
r-oldrel-windows-x86_64 | 3.3.2 | 35.00 | 111.00 | 146.00 | OK |
Version: 3.3.2
Check: Rd files
Result: NOTE
checkRd: (-1) predict.spT.Rd:36: Lost braces
36 | \item{...}{Other values "obsData", "fittedData" and "residuals" are provided only for temporal prediction. This is to analyse the code{spTimer} forecast output using package \code{forecast} through function \code{\link{as.forecast.object}}.}
| ^
Flavors: r-devel-linux-x86_64-debian-clang, r-devel-linux-x86_64-debian-gcc, r-devel-linux-x86_64-fedora-clang, r-devel-linux-x86_64-fedora-gcc, r-prerel-macos-arm64, r-prerel-windows-x86_64, r-patched-linux-x86_64