CRAN Package Check Results for Package spNetwork

Last updated on 2022-01-17 12:53:43 CET.

Flavor Version Tinstall Tcheck Ttotal Status Flags
r-devel-linux-x86_64-debian-clang 0.2.1 167.54 654.80 822.34 OK
r-devel-linux-x86_64-debian-gcc 0.2.1 130.04 484.01 614.05 OK
r-devel-linux-x86_64-fedora-clang 0.2.1 1065.35 NOTE
r-devel-linux-x86_64-fedora-gcc 0.2.1 1000.45 OK
r-devel-windows-x86_64-new-UL 0.2.1 772.00 759.00 1531.00 NOTE
r-devel-windows-x86_64-new-TK 0.2.1 OK
r-patched-linux-x86_64 0.2.1 155.81 670.14 825.95 OK
r-release-linux-x86_64 0.2.1 OK
r-release-macos-arm64 0.2.1 NOTE
r-release-macos-x86_64 0.2.1 WARN
r-release-windows-ix86+x86_64 0.2.1 424.00 1219.00 1643.00 NOTE
r-oldrel-macos-x86_64 0.2.1 WARN
r-oldrel-windows-ix86+x86_64 0.2.1 442.00 1226.00 1668.00 NOTE

Check Details

Version: 0.2.1
Check: installed package size
Result: NOTE
     installed size is 13.8Mb
     sub-directories of 1Mb or more:
     doc 2.0Mb
     extdata 4.1Mb
     libs 7.0Mb
Flavors: r-devel-linux-x86_64-fedora-clang, r-devel-windows-x86_64-new-UL, r-release-macos-arm64, r-release-macos-x86_64, r-release-windows-ix86+x86_64, r-oldrel-macos-x86_64, r-oldrel-windows-ix86+x86_64

Version: 0.2.1
Check: re-building of vignette outputs
Result: WARN
    Error(s) in re-building vignettes:
    --- re-building ‘Isochrones.Rmd’ using rmarkdown
    Pandoc is required to build R Markdown vignettes but not available. Please make sure it is installed.
    Checking rgeos availability: TRUE
    Please note that 'maptools' will be retired by the end of 2023,
    plan transition at your earliest convenience;
    some functionality will be moved to 'sp'.
    rgeos version: 0.5-8, (SVN revision 679)
     GEOS runtime version: 3.8.1-CAPI-1.13.3
     Please note that rgeos will be retired by the end of 2023,
    plan transition to sf functions using GEOS at your earliest convenience.
     Linking to sp version: 1.4-5
     Polygon checking: TRUE
    
    Warning in sp::proj4string(obj) :
     CRS object has comment, which is lost in output
    Warning in sp::proj4string(obj) :
     CRS object has comment, which is lost in output
    
    Attaching package: 'smoothr'
    
    The following object is masked from 'package:stats':
    
     smooth
    
    Warning in sp::proj4string(x) :
     CRS object has comment, which is lost in output
    Warning in proj4string(obj) :
     CRS object has comment, which is lost in output
    Warning in sp::proj4string(obj) :
     CRS object has comment, which is lost in output
    --- finished re-building ‘Isochrones.Rmd’
    
    --- re-building ‘KNetworkFunctions.Rmd’ using rmarkdown
    Pandoc is required to build R Markdown vignettes but not available. Please make sure it is installed.
    --- finished re-building ‘KNetworkFunctions.Rmd’
    
    --- re-building ‘NKDE.Rmd’ using rmarkdown
    Pandoc is required to build R Markdown vignettes but not available. Please make sure it is installed.
    Checking rgeos availability: TRUE
    Please note that 'maptools' will be retired by the end of 2023,
    plan transition at your earliest convenience;
    some functionality will be moved to 'sp'.
    rgeos version: 0.5-8, (SVN revision 679)
     GEOS runtime version: 3.8.1-CAPI-1.13.3
     Please note that rgeos will be retired by the end of 2023,
    plan transition to sf functions using GEOS at your earliest convenience.
     Linking to sp version: 1.4-5
     Polygon checking: TRUE
    
    Warning in proj4string(sldf) :
     CRS object has comment, which is lost in output
    
    Attaching package: 'dplyr'
    
    The following objects are masked from 'package:raster':
    
     intersect, select, union
    
    The following objects are masked from 'package:rgeos':
    
     intersect, setdiff, union
    
    The following object is masked from 'package:kableExtra':
    
     group_rows
    
    The following objects are masked from 'package:stats':
    
     filter, lag
    
    The following objects are masked from 'package:base':
    
     intersect, setdiff, setequal, union
    
    Warning in proj4string(sldf) :
     CRS object has comment, which is lost in output
    Warning: Removed 5028 row(s) containing missing values (geom_path).
    --- finished re-building ‘NKDE.Rmd’
    
    --- re-building ‘NKDEdetailed.Rmd’ using rmarkdown
    Pandoc is required to build R Markdown vignettes but not available. Please make sure it is installed.
    Loading required package: sp
    rgeos version: 0.5-8, (SVN revision 679)
     GEOS runtime version: 3.8.1-CAPI-1.13.3
     Please note that rgeos will be retired by the end of 2023,
    plan transition to sf functions using GEOS at your earliest convenience.
     Linking to sp version: 1.4-5
     Polygon checking: TRUE
    
    Checking rgeos availability: TRUE
    Please note that 'maptools' will be retired by the end of 2023,
    plan transition at your earliest convenience;
    some functionality will be moved to 'sp'.
    
    Attaching package: 'rgl'
    
    The following object is masked from 'package:rgeos':
    
     triangulate
    
    Warning in snapshot3d(scene = x, width = width, height = height) :
     webshot = TRUE requires the webshot2 package; using rgl.snapshot() instead
    Quitting from lines 163-164 (NKDEdetailed.Rmd)
    Error: processing vignette 'NKDEdetailed.Rmd' failed with diagnostics:
    OpenGL is not available in this build
    --- failed re-building ‘NKDEdetailed.Rmd’
    
    --- re-building ‘NetworkBuilding.Rmd’ using rmarkdown
    Pandoc is required to build R Markdown vignettes but not available. Please make sure it is installed.
    Checking rgeos availability: TRUE
    Please note that 'maptools' will be retired by the end of 2023,
    plan transition at your earliest convenience;
    some functionality will be moved to 'sp'.
    rgeos version: 0.5-8, (SVN revision 679)
     GEOS runtime version: 3.8.1-CAPI-1.13.3
     Please note that rgeos will be retired by the end of 2023,
    plan transition to sf functions using GEOS at your earliest convenience.
     Linking to sp version: 1.4-5
     Polygon checking: TRUE
    
    Warning in sp::proj4string(obj) :
     CRS object has comment, which is lost in output
    Warning in sp::proj4string(obj) :
     CRS object has comment, which is lost in output
    Warning in sp::proj4string(obj) :
     CRS object has comment, which is lost in output
    Warning in sp::proj4string(obj) :
     CRS object has comment, which is lost in output
    --- finished re-building ‘NetworkBuilding.Rmd’
    
    --- re-building ‘SpatialWeightMatrices.Rmd’ using rmarkdown
    Pandoc is required to build R Markdown vignettes but not available. Please make sure it is installed.
    --- finished re-building ‘SpatialWeightMatrices.Rmd’
    
    SUMMARY: processing the following file failed:
     ‘NKDEdetailed.Rmd’
    
    Error: Vignette re-building failed.
    Execution halted
Flavors: r-release-macos-x86_64, r-oldrel-macos-x86_64