CRAN Package Check Results for Package spDates

Last updated on 2022-01-21 12:56:23 CET.

Flavor Version Tinstall Tcheck Ttotal Status Flags
r-devel-linux-x86_64-debian-clang 1.0 14.16 131.64 145.80 OK
r-devel-linux-x86_64-debian-gcc 1.0 11.97 100.35 112.32 OK
r-devel-linux-x86_64-fedora-clang 1.0 186.84 NOTE
r-devel-linux-x86_64-fedora-gcc 1.0 160.80 NOTE
r-devel-windows-x86_64-new-UL 1.0 31.00 146.00 177.00 NOTE
r-devel-windows-x86_64-new-TK 1.0 NOTE
r-patched-linux-x86_64 1.0 12.11 130.07 142.18 OK
r-release-linux-x86_64 1.0 8.56 127.28 135.84 OK
r-release-macos-arm64 1.0 NOTE
r-release-macos-x86_64 1.0 NOTE
r-release-windows-ix86+x86_64 1.0 30.00 151.00 181.00 NOTE
r-oldrel-macos-x86_64 1.0 NOTE
r-oldrel-windows-ix86+x86_64 1.0 30.00 150.00 180.00 NOTE

Check Details

Version: 1.0
Check: installed package size
Result: NOTE
     installed size is 5.9Mb
     sub-directories of 1Mb or more:
     data 4.3Mb
     help 1.6Mb
Flavors: r-devel-linux-x86_64-fedora-clang, r-devel-windows-x86_64-new-UL, r-release-macos-arm64, r-release-macos-x86_64, r-release-windows-ix86+x86_64, r-oldrel-macos-x86_64, r-oldrel-windows-ix86+x86_64

Version: 1.0
Check: data for non-ASCII characters
Result: NOTE
     Note: found 34 marked UTF-8 strings
Flavors: r-devel-linux-x86_64-fedora-clang, r-devel-linux-x86_64-fedora-gcc, r-devel-windows-x86_64-new-TK, r-release-macos-arm64, r-release-macos-x86_64, r-oldrel-macos-x86_64