CRAN Package Check Results for Package spData

Last updated on 2020-06-03 06:48:47 CEST.

Flavor Version Tinstall Tcheck Ttotal Status Flags
r-devel-linux-x86_64-debian-clang 0.3.5 8.84 88.32 97.16 NOTE
r-devel-linux-x86_64-debian-gcc 0.3.5 8.86 69.01 77.87 NOTE
r-devel-linux-x86_64-fedora-clang 0.3.5 132.89 NOTE
r-devel-linux-x86_64-fedora-gcc 0.3.5 119.95 NOTE
r-devel-windows-ix86+x86_64 0.3.5 37.00 145.00 182.00 NOTE
r-patched-linux-x86_64 0.3.5 11.36 89.16 100.52 NOTE
r-patched-solaris-x86 0.3.5 172.80 NOTE
r-release-linux-x86_64 0.3.5 9.92 88.18 98.10 NOTE
r-release-osx-x86_64 0.3.5 NOTE
r-release-windows-ix86+x86_64 0.3.5 16.00 91.00 107.00 NOTE
r-oldrel-osx-x86_64 0.3.5 NOTE
r-oldrel-windows-ix86+x86_64 0.3.5 19.00 98.00 117.00 NOTE

Check Details

Version: 0.3.5
Check: package dependencies
Result: NOTE
    Package suggested but not available for checking: 'spDataLarge'
Flavors: r-devel-linux-x86_64-debian-clang, r-devel-linux-x86_64-debian-gcc, r-devel-linux-x86_64-fedora-clang, r-devel-linux-x86_64-fedora-gcc, r-devel-windows-ix86+x86_64, r-patched-linux-x86_64, r-patched-solaris-x86, r-release-linux-x86_64, r-release-osx-x86_64, r-release-windows-ix86+x86_64, r-oldrel-osx-x86_64, r-oldrel-windows-ix86+x86_64

Version: 0.3.5
Check: installed package size
Result: NOTE
     installed size is 6.2Mb
     sub-directories of 1Mb or more:
     data 2.2Mb
     shapes 3.2Mb
Flavors: r-devel-linux-x86_64-fedora-clang, r-devel-windows-ix86+x86_64, r-patched-solaris-x86, r-release-osx-x86_64, r-release-windows-ix86+x86_64, r-oldrel-osx-x86_64, r-oldrel-windows-ix86+x86_64

Version: 0.3.5
Check: data for non-ASCII characters
Result: NOTE
     Note: found 56 marked UTF-8 strings
Flavors: r-devel-linux-x86_64-fedora-clang, r-devel-linux-x86_64-fedora-gcc, r-patched-solaris-x86, r-release-osx-x86_64, r-oldrel-osx-x86_64