CRAN Package Check Results for Package sp

Last updated on 2020-03-31 21:47:59 CEST.

Flavor Version Tinstall Tcheck Ttotal Status Flags
r-devel-linux-x86_64-debian-clang 1.4-1 18.95 141.03 159.98 NOTE
r-devel-linux-x86_64-debian-gcc 1.4-1 15.45 107.74 123.19 NOTE
r-devel-linux-x86_64-fedora-clang 1.4-1 201.12 NOTE
r-devel-linux-x86_64-fedora-gcc 1.4-1 192.19 NOTE
r-devel-windows-ix86+x86_64 1.4-1 38.00 205.00 243.00 NOTE
r-devel-windows-ix86+x86_64-gcc8 1.4-1 38.00 212.00 250.00 NOTE
r-patched-linux-x86_64 1.4-1 18.72 136.47 155.19 NOTE
r-patched-solaris-x86 1.4-1 271.90 NOTE
r-release-linux-x86_64 1.4-1 16.31 128.84 145.15 NOTE
r-release-windows-ix86+x86_64 1.4-1 59.00 288.00 347.00 NOTE
r-release-osx-x86_64 1.4-1 NOTE
r-oldrel-windows-ix86+x86_64 1.4-1 45.00 264.00 309.00 NOTE
r-oldrel-osx-x86_64 1.4-1 NOTE

Check Details

Version: 1.4-1
Check: dependencies in R code
Result: NOTE
    Missing or unexported objects:
     'rgdal::checkCRSArgs_ng' 'rgdal::new_proj_and_gdal'
Flavors: r-devel-linux-x86_64-debian-clang, r-devel-linux-x86_64-debian-gcc, r-devel-linux-x86_64-fedora-clang, r-devel-linux-x86_64-fedora-gcc, r-devel-windows-ix86+x86_64, r-devel-windows-ix86+x86_64-gcc8, r-patched-linux-x86_64, r-patched-solaris-x86, r-release-linux-x86_64, r-release-windows-ix86+x86_64, r-release-osx-x86_64, r-oldrel-windows-ix86+x86_64, r-oldrel-osx-x86_64