CRAN Package Check Results for Package sotu

Last updated on 2022-10-06 21:50:07 CEST.

Flavor Version Tinstall Tcheck Ttotal Status Flags
r-devel-linux-x86_64-debian-clang 1.0.4 4.79 25.02 29.81 OK
r-devel-linux-x86_64-debian-gcc 1.0.4 4.17 19.27 23.44 OK
r-devel-linux-x86_64-fedora-clang 1.0.4 48.55 NOTE
r-devel-linux-x86_64-fedora-gcc 1.0.4 45.51 NOTE
r-devel-windows-x86_64 1.0.4 13.00 51.00 64.00 OK
r-patched-linux-x86_64 1.0.4 4.85 24.23 29.08 OK
r-release-linux-x86_64 1.0.4 4.46 22.77 27.23 OK
r-release-macos-arm64 1.0.4 15.00 NOTE
r-release-macos-x86_64 1.0.4 24.00 NOTE
r-release-windows-x86_64 1.0.4 8.00 50.00 58.00 OK
r-oldrel-macos-arm64 1.0.4 16.00 NOTE
r-oldrel-macos-x86_64 1.0.4 26.00 NOTE
r-oldrel-windows-ix86+x86_64 1.0.4 9.00 48.00 57.00 OK

Check Details

Version: 1.0.4
Check: data for non-ASCII characters
Result: NOTE
     Note: found 4 marked UTF-8 strings
Flavors: r-devel-linux-x86_64-fedora-clang, r-devel-linux-x86_64-fedora-gcc, r-release-macos-arm64, r-release-macos-x86_64, r-oldrel-macos-arm64, r-oldrel-macos-x86_64