CRAN Package Check Results for Package sotkanet

Last updated on 2022-01-24 12:52:24 CET.

Flavor Version Tinstall Tcheck Ttotal Status Flags
r-devel-linux-x86_64-debian-clang 0.9.76 1.79 41.38 43.17 OK
r-devel-linux-x86_64-debian-gcc 0.9.76 1.70 25.75 27.45 WARN
r-devel-linux-x86_64-fedora-clang 0.9.76 44.78 WARN
r-devel-linux-x86_64-fedora-gcc 0.9.76 32.39 WARN
r-devel-windows-x86_64-new-UL 0.9.76 32.00 216.00 248.00 WARN
r-devel-windows-x86_64-new-TK 0.9.76 WARN
r-patched-linux-x86_64 0.9.76 1.87 39.22 41.09 OK
r-release-linux-x86_64 0.9.76 1.93 31.76 33.69 WARN
r-release-macos-arm64 0.9.76 OK
r-release-macos-x86_64 0.9.76 OK
r-release-windows-ix86+x86_64 0.9.76 5.00 333.00 338.00 WARN
r-oldrel-macos-x86_64 0.9.76 OK
r-oldrel-windows-ix86+x86_64 0.9.76 5.00 332.00 337.00 WARN

Check Details

Version: 0.9.76
Check: re-building of vignette outputs
Result: WARN
    Error(s) in re-building vignettes:
     ...
    --- re-building ‘tutorial.Rmd’ using rmarkdown
    Sotkanet R tools (C) 2013-2021 rOpenGov
    http://ropengov.org
    Warning in sotkanet.json_query(url) :
     Sotkanet URL https://www.sotkanet.fi/rest/1.1/regions does not exist - returning NULL!
    Warning in sotkanet.json_query(url) :
     Sotkanet URL https://www.sotkanet.fi/rest/1.1/indicators does not exist - returning NULL!
    Warning in SotkanetIndicators(type = "table") :
     The URL may be temporarily unavailable. Try later.
    Retrieving indicator 10013
    Warning in sotkanet.csv_query(url) :
     Sotkanet URL https://www.sotkanet.fi/rest/1.0/data/csv?indicator=10013&years=1990&years=1991&years=1992&years=1993&years=1994&years=1995&years=1996&years=1997&years=1998&years=1999&years=2000&years=2001&years=2002&years=2003&years=2004&years=2005&years=2006&years=2007&years=2008&years=2009&years=2010&years=2011&years=2012&genders=female&genders=male&genders=total does not exist - returning NULL!
    Warning in sotkanet.json_query(url) :
     Sotkanet URL https://www.sotkanet.fi/rest/1.1/indicators/10013 does not exist - returning NULL!
    Warning in SotkanetIndicators(indicator) :
     The URL may be temporarily unavailable. Try later.
    Quitting from lines 73-82 (tutorial.Rmd)
    Error: processing vignette ‘tutorial.Rmd’ failed with diagnostics:
    undefined columns selected
    --- failed re-building ‘tutorial.Rmd’
    
    SUMMARY: processing the following file failed:
     ‘tutorial.Rmd’
    
    Error: Vignette re-building failed.
    Execution halted
Flavors: r-devel-linux-x86_64-debian-gcc, r-release-linux-x86_64

Version: 0.9.76
Check: re-building of vignette outputs
Result: WARN
    Error(s) in re-building vignettes:
    --- re-building ‘tutorial.Rmd’ using rmarkdown
    Sotkanet R tools (C) 2013-2021 rOpenGov
    http://ropengov.org
    Warning in sotkanet.json_query(url) :
     Sotkanet URL https://www.sotkanet.fi/rest/1.1/regions does not exist - returning NULL!
    Warning in sotkanet.json_query(url) :
     Sotkanet URL https://www.sotkanet.fi/rest/1.1/indicators does not exist - returning NULL!
    Warning in SotkanetIndicators(type = "table") :
     The URL may be temporarily unavailable. Try later.
    Retrieving indicator 10013
    Warning in sotkanet.csv_query(url) :
     Sotkanet URL https://www.sotkanet.fi/rest/1.0/data/csv?indicator=10013&years=1990&years=1991&years=1992&years=1993&years=1994&years=1995&years=1996&years=1997&years=1998&years=1999&years=2000&years=2001&years=2002&years=2003&years=2004&years=2005&years=2006&years=2007&years=2008&years=2009&years=2010&years=2011&years=2012&genders=female&genders=male&genders=total does not exist - returning NULL!
    Warning in sotkanet.json_query(url) :
     Sotkanet URL https://www.sotkanet.fi/rest/1.1/indicators/10013 does not exist - returning NULL!
    Warning in SotkanetIndicators(indicator) :
     The URL may be temporarily unavailable. Try later.
    Quitting from lines 73-82 (tutorial.Rmd)
    Error: processing vignette 'tutorial.Rmd' failed with diagnostics:
    undefined columns selected
    --- failed re-building ‘tutorial.Rmd’
    
    SUMMARY: processing the following file failed:
     ‘tutorial.Rmd’
    
    Error: Vignette re-building failed.
    Execution halted
Flavors: r-devel-linux-x86_64-fedora-clang, r-devel-linux-x86_64-fedora-gcc, r-devel-windows-x86_64-new-UL, r-devel-windows-x86_64-new-TK, r-release-windows-ix86+x86_64, r-oldrel-windows-ix86+x86_64