CRAN Package Check Results for Package sorvi

Last updated on 2022-01-28 21:52:07 CET.

Flavor Version Tinstall Tcheck Ttotal Status Flags
r-devel-linux-x86_64-debian-clang 0.7.26 7.08 82.33 89.41 NOTE
r-devel-linux-x86_64-debian-gcc 0.7.26 4.82 61.12 65.94 NOTE
r-devel-linux-x86_64-fedora-clang 0.7.26 99.60 NOTE
r-devel-linux-x86_64-fedora-gcc 0.7.26 88.59 NOTE
r-devel-windows-x86_64-new-UL 0.7.26 34.00 120.00 154.00 NOTE
r-devel-windows-x86_64-new-TK 0.7.26 NOTE
r-patched-linux-x86_64 0.7.26 4.39 72.27 76.66 NOTE
r-release-linux-x86_64 0.7.26 5.66 71.38 77.04 NOTE
r-release-macos-arm64 0.7.26 NOTE
r-release-macos-x86_64 0.7.26 NOTE
r-release-windows-ix86+x86_64 0.7.26 15.00 100.00 115.00 NOTE
r-oldrel-macos-x86_64 0.7.26 NOTE
r-oldrel-windows-ix86+x86_64 0.7.26 15.00 99.00 114.00 NOTE

Check Details

Version: 0.7.26
Check: R code for possible problems
Result: NOTE
    convert_municipality_names: no visible global function definition for
     'read.csv'
    regression_plot: no visible binding for global variable 'loess'
    regression_plot: no visible global function definition for
     'colorRampPalette'
    regression_plot: no visible global function definition for
     'loess.control'
    regression_plot: no visible global function definition for 'predict'
    regression_plot : <anonymous>: no visible global function definition
     for 'quantile'
    regression_plot : <anonymous>: no visible global function definition
     for 'pnorm'
    regression_plot: no visible global function definition for
     'flush.console'
    regression_plot: no visible global function definition for 'density'
    Undefined global functions or variables:
     colorRampPalette density flush.console loess loess.control pnorm
     predict quantile read.csv
    Consider adding
     importFrom("grDevices", "colorRampPalette")
     importFrom("stats", "density", "loess", "loess.control", "pnorm",
     "predict", "quantile")
     importFrom("utils", "flush.console", "read.csv")
    to your NAMESPACE file.
Flavors: r-devel-linux-x86_64-debian-clang, r-devel-linux-x86_64-debian-gcc, r-devel-linux-x86_64-fedora-clang, r-devel-linux-x86_64-fedora-gcc, r-devel-windows-x86_64-new-UL, r-devel-windows-x86_64-new-TK, r-patched-linux-x86_64, r-release-linux-x86_64, r-release-macos-arm64, r-release-macos-x86_64, r-release-windows-ix86+x86_64, r-oldrel-macos-x86_64, r-oldrel-windows-ix86+x86_64