CRAN Package Check Results for Package sonicscrewdriver

Last updated on 2022-01-28 21:52:07 CET.

Flavor Version Tinstall Tcheck Ttotal Status Flags
r-devel-linux-x86_64-debian-clang 0.0.4 10.98 119.83 130.81 OK
r-devel-linux-x86_64-debian-gcc 0.0.4 8.47 88.41 96.88 OK
r-devel-linux-x86_64-fedora-clang 0.0.4 161.03 NOTE
r-devel-linux-x86_64-fedora-gcc 0.0.4 140.77 NOTE
r-devel-windows-x86_64-new-UL 0.0.4 338.00 141.00 479.00 OK
r-devel-windows-x86_64-new-TK 0.0.4 NOTE
r-patched-linux-x86_64 0.0.4 9.76 94.15 103.91 OK
r-release-linux-x86_64 0.0.4 8.53 94.12 102.65 OK
r-release-macos-arm64 0.0.4 NOTE
r-release-macos-x86_64 0.0.4 NOTE
r-release-windows-ix86+x86_64 0.0.4 22.00 113.00 135.00 OK
r-oldrel-macos-x86_64 0.0.4 NOTE
r-oldrel-windows-ix86+x86_64 0.0.4 22.00 113.00 135.00 OK

Check Details

Version: 0.0.4
Check: dependencies in R code
Result: NOTE
    Namespace in Imports field not imported from: ‘methods’
     All declared Imports should be used.
Flavors: r-devel-linux-x86_64-fedora-clang, r-devel-linux-x86_64-fedora-gcc, r-devel-windows-x86_64-new-TK, r-release-macos-arm64, r-release-macos-x86_64, r-oldrel-macos-x86_64