Last updated on 2025-06-18 06:49:49 CEST.
Flavor | Version | Tinstall | Tcheck | Ttotal | Status | Flags |
---|---|---|---|---|---|---|
r-devel-linux-x86_64-debian-clang | 4.4.2 | 99.88 | 120.79 | 220.67 | OK | --no-vignettes |
r-devel-linux-x86_64-debian-gcc | 4.4.2 | 74.84 | 82.93 | 157.77 | OK | --no-vignettes |
r-devel-linux-x86_64-fedora-clang | 4.4.2 | 349.83 | OK | |||
r-devel-linux-x86_64-fedora-gcc | 4.4.2 | 595.13 | OK | |||
r-devel-windows-x86_64 | 4.4.2 | 102.00 | 161.00 | 263.00 | OK | --no-vignettes |
r-patched-linux-x86_64 | 4.4.2 | 108.52 | 114.53 | 223.05 | OK | --no-vignettes |
r-release-linux-x86_64 | 4.4.2 | 105.76 | 113.89 | 219.65 | OK | --no-vignettes |
r-release-macos-arm64 | 4.4.2 | 186.00 | OK | |||
r-release-macos-x86_64 | 4.4.2 | 756.00 | OK | |||
r-release-windows-x86_64 | 4.4.2 | 101.00 | 162.00 | 263.00 | OK | --no-vignettes |
r-oldrel-macos-arm64 | 4.4.2 | 204.00 | NOTE | |||
r-oldrel-macos-x86_64 | 4.4.2 | 740.00 | NOTE | |||
r-oldrel-windows-x86_64 | 4.4.2 | 122.00 | 185.00 | 307.00 | NOTE | --no-vignettes |
Version: 4.4.2
Check: installed package size
Result: NOTE
installed size is 15.9Mb
sub-directories of 1Mb or more:
data 3.4Mb
libs 11.3Mb
Flavors: r-oldrel-macos-arm64, r-oldrel-macos-x86_64
Version: 4.4.2
Flags: --no-vignettes
Check: installed package size
Result: NOTE
installed size is 6.1Mb
sub-directories of 1Mb or more:
data 2.9Mb
libs 1.8Mb
Flavor: r-oldrel-windows-x86_64