CRAN Package Check Results for Package som.nn

Last updated on 2025-04-30 12:49:17 CEST.

Flavor Version Tinstall Tcheck Ttotal Status Flags
r-devel-linux-x86_64-debian-clang 1.4.4 5.26 44.70 49.96 NOTE
r-devel-linux-x86_64-debian-gcc 1.4.4 3.35 30.92 34.27 NOTE
r-devel-linux-x86_64-fedora-clang 1.4.4 79.38 OK
r-devel-linux-x86_64-fedora-gcc 1.4.4 73.95 OK
r-devel-windows-x86_64 1.4.4 6.00 71.00 77.00 OK
r-patched-linux-x86_64 1.4.4 5.55 42.87 48.42 OK
r-release-linux-x86_64 1.4.4 3.90 42.99 46.89 OK
r-release-macos-arm64 1.4.4 23.00 OK
r-release-macos-x86_64 1.4.4 46.00 OK
r-release-windows-x86_64 1.4.4 5.00 68.00 73.00 OK
r-oldrel-macos-arm64 1.4.4 22.00 OK
r-oldrel-macos-x86_64 1.4.4 36.00 OK
r-oldrel-windows-x86_64 1.4.4 7.00 75.00 82.00 OK

Check Details

Version: 1.4.4
Check: CRAN incoming feasibility
Result: NOTE Maintainer: ‘Andreas Dominik <andreas.dominik@mni.thm.de>’ No Authors@R field in DESCRIPTION. Please add one, modifying Authors@R: person(given = "Andreas", family = "Dominik", role = c("aut", "cre"), email = "andreas.dominik@mni.thm.de") as necessary. Flavors: r-devel-linux-x86_64-debian-clang, r-devel-linux-x86_64-debian-gcc