CRAN Package Check Results for Package som

Last updated on 2022-05-27 12:53:26 CEST.

Flavor Version Tinstall Tcheck Ttotal Status Flags
r-devel-linux-x86_64-debian-clang 0.3-5.1 5.52 35.90 41.42 OK
r-devel-linux-x86_64-debian-gcc 0.3-5.1 3.74 27.30 31.04 OK
r-devel-linux-x86_64-fedora-clang 0.3-5.1 49.77 NOTE
r-devel-linux-x86_64-fedora-gcc 0.3-5.1 37.05 NOTE
r-devel-windows-x86_64 0.3-5.1 14.00 64.00 78.00 OK
r-patched-linux-x86_64 0.3-5.1 4.35 34.32 38.67 OK
r-release-linux-x86_64 0.3-5.1 3.78 34.47 38.25 OK
r-release-macos-arm64 0.3-5.1 17.00 OK
r-release-macos-x86_64 0.3-5.1 26.00 OK
r-release-windows-x86_64 0.3-5.1 11.00 63.00 74.00 OK
r-oldrel-macos-arm64 0.3-5.1 27.00 OK
r-oldrel-macos-x86_64 0.3-5.1 32.00 OK
r-oldrel-windows-ix86+x86_64 0.3-5.1 12.00 45.00 57.00 OK

Check Details

Version: 0.3-5.1
Check: compiled code
Result: NOTE
    File ‘som/libs/som.so’:
     Found no calls to: ‘R_registerRoutines’, ‘R_useDynamicSymbols’
    
    It is good practice to register native routines and to disable symbol
    search.
    
    See ‘Writing portable packages’ in the ‘Writing R Extensions’ manual.
Flavors: r-devel-linux-x86_64-fedora-clang, r-devel-linux-x86_64-fedora-gcc