CRAN Package Check Results for Package solitude

Last updated on 2022-01-27 06:48:48 CET.

Flavor Version Tinstall Tcheck Ttotal Status Flags
r-devel-linux-x86_64-debian-clang 1.1.3 3.41 40.35 43.76 OK
r-devel-linux-x86_64-debian-gcc 1.1.3 2.77 31.41 34.18 OK
r-devel-linux-x86_64-fedora-clang 1.1.3 52.05 NOTE
r-devel-linux-x86_64-fedora-gcc 1.1.3 41.51 NOTE
r-devel-windows-x86_64-new-UL 1.1.3 22.00 57.00 79.00 OK
r-devel-windows-x86_64-new-TK 1.1.3 NOTE
r-patched-linux-x86_64 1.1.3 2.98 38.23 41.21 OK
r-release-linux-x86_64 1.1.3 3.08 37.65 40.73 OK
r-release-macos-arm64 1.1.3 NOTE
r-release-macos-x86_64 1.1.3 NOTE
r-release-windows-ix86+x86_64 1.1.3 9.00 54.00 63.00 OK
r-oldrel-macos-x86_64 1.1.3 NOTE
r-oldrel-windows-ix86+x86_64 1.1.3 7.00 48.00 55.00 OK

Check Details

Version: 1.1.3
Check: dependencies in R code
Result: NOTE
    Namespaces in Imports field not imported from:
     ‘R6’ ‘lgr’
     All declared Imports should be used.
Flavors: r-devel-linux-x86_64-fedora-clang, r-devel-linux-x86_64-fedora-gcc, r-devel-windows-x86_64-new-TK, r-release-macos-arm64, r-release-macos-x86_64, r-oldrel-macos-x86_64