CRAN Package Check Results for Package solitude

Last updated on 2020-06-07 12:48:41 CEST.

Flavor Version Tinstall Tcheck Ttotal Status Flags
r-devel-linux-x86_64-debian-clang 0.2.1 2.83 25.90 28.73 ERROR
r-devel-linux-x86_64-debian-gcc 0.2.1 2.65 20.30 22.95 ERROR
r-devel-linux-x86_64-fedora-clang 0.2.1 44.67 ERROR
r-devel-linux-x86_64-fedora-gcc 0.2.1 37.71 ERROR
r-devel-windows-ix86+x86_64 0.2.1 10.00 54.00 64.00 OK
r-patched-linux-x86_64 0.2.1 3.26 25.43 28.69 ERROR
r-patched-solaris-x86 0.2.1 54.80 ERROR
r-release-linux-x86_64 0.2.1 3.13 25.10 28.23 ERROR
r-release-osx-x86_64 0.2.1 NOTE
r-release-windows-ix86+x86_64 0.2.1 13.00 55.00 68.00 OK
r-oldrel-osx-x86_64 0.2.1 NOTE
r-oldrel-windows-ix86+x86_64 0.2.1 9.00 35.00 44.00 OK

Check Details

Version: 0.2.1
Check: examples
Result: ERROR
    Running examples in 'solitude-Ex.R' failed
    The error most likely occurred in:
    
    > base::assign(".ptime", proc.time(), pos = "CheckExEnv")
    > ### Name: isolationForest
    > ### Title: Fit an Isolation Forest
    > ### Aliases: isolationForest
    > ### Keywords: datasets
    >
    > ### ** Examples
    >
    > data("attrition", package = "rsample")
    Warning in data("attrition", package = "rsample") :
     data set 'attrition' not found
    > set.seed(1)
    > index = sample(ceiling(nrow(attrition) * 0.2))
    Error in nrow(attrition) : object 'attrition' not found
    Calls: sample -> nrow
    Execution halted
Flavors: r-devel-linux-x86_64-debian-clang, r-devel-linux-x86_64-debian-gcc, r-patched-linux-x86_64, r-release-linux-x86_64

Version: 0.2.1
Check: dependencies in R code
Result: NOTE
    Namespace in Imports field not imported from: ‘R6’
     All declared Imports should be used.
Flavors: r-devel-linux-x86_64-fedora-clang, r-devel-linux-x86_64-fedora-gcc, r-patched-solaris-x86, r-release-osx-x86_64, r-oldrel-osx-x86_64

Version: 0.2.1
Check: examples
Result: ERROR
    Running examples in ‘solitude-Ex.R’ failed
    The error most likely occurred in:
    
    > ### Name: isolationForest
    > ### Title: Fit an Isolation Forest
    > ### Aliases: isolationForest
    > ### Keywords: datasets
    >
    > ### ** Examples
    >
    > data("attrition", package = "rsample")
    Warning in data("attrition", package = "rsample") :
     data set ‘attrition’ not found
    > set.seed(1)
    > index = sample(ceiling(nrow(attrition) * 0.2))
    Error in nrow(attrition) : object 'attrition' not found
    Calls: sample -> nrow
    Execution halted
Flavors: r-devel-linux-x86_64-fedora-clang, r-devel-linux-x86_64-fedora-gcc, r-patched-solaris-x86