CRAN Package Check Results for Package solaR

Last updated on 2024-07-15 11:55:30 CEST.

Flavor Version Tinstall Tcheck Ttotal Status Flags
r-devel-linux-x86_64-debian-clang 0.46 9.41 83.55 92.96 OK
r-devel-linux-x86_64-debian-gcc 0.46 9.53 64.61 74.14 OK
r-devel-linux-x86_64-fedora-clang 0.46 119.13 OK
r-devel-linux-x86_64-fedora-gcc 0.46 113.71 OK
r-devel-windows-x86_64 0.46 12.00 96.00 108.00 NOTE
r-patched-linux-x86_64 0.46 17.20 81.79 98.99 OK
r-release-linux-x86_64 0.46 12.93 83.61 96.54 OK
r-release-macos-arm64 0.46 35.00 OK
r-release-macos-x86_64 0.46 53.00 OK
r-release-windows-x86_64 0.46 12.00 97.00 109.00 OK
r-oldrel-macos-arm64 0.46 40.00 OK
r-oldrel-macos-x86_64 0.46 60.00 NOTE
r-oldrel-windows-x86_64 0.46 16.00 111.00 127.00 OK

Check Details

Version: 0.46
Check: Rd cross-references
Result: NOTE Found the following Rd file(s) with Rd \link{} targets missing package anchors: window-methods.Rd: window.zoo writeSolar.Rd: read.zoo, write.zoo Please provide package anchors for all Rd \link{} targets not in the package itself and the base packages. Flavor: r-devel-windows-x86_64

Version: 0.46
Check: package dependencies
Result: NOTE Packages suggested but not available for checking: 'raster', 'rasterVis', 'meteoForecast' Flavor: r-oldrel-macos-x86_64