Last updated on 2023-04-02 06:50:44 CEST.
Flavor | Version | Tinstall | Tcheck | Ttotal | Status | Flags |
---|---|---|---|---|---|---|
r-devel-linux-x86_64-debian-clang | 5.0 | 29.20 | 165.99 | 195.19 | NOTE | |
r-devel-linux-x86_64-debian-gcc | 5.0 | 22.56 | 119.74 | 142.30 | NOTE | |
r-devel-linux-x86_64-fedora-clang | 5.0 | 242.21 | NOTE | |||
r-devel-linux-x86_64-fedora-gcc | 5.0 | 243.16 | NOTE | |||
r-patched-linux-x86_64 | 5.0 | 29.81 | 154.87 | 184.68 | NOTE | |
r-release-linux-x86_64 | 5.0 | 32.03 | 167.81 | 199.84 | OK | |
r-release-macos-arm64 | 5.0 | 122.00 | OK | |||
r-release-macos-x86_64 | 5.0 | 171.00 | OK | |||
r-release-windows-x86_64 | 5.0 | 113.00 | 194.00 | 307.00 | NOTE | |
r-oldrel-macos-arm64 | 5.0 | 112.00 | OK | |||
r-oldrel-macos-x86_64 | 5.0 | 132.00 | OK | |||
r-oldrel-windows-ix86+x86_64 | 5.0 | 55.00 | 170.00 | 225.00 | NOTE |
Version: 5.0
Check: Rd files
Result: NOTE
checkRd: (-1) llwrPTF.Rd:7: Escaped LaTeX specials: \&
Flavors: r-devel-linux-x86_64-debian-clang, r-devel-linux-x86_64-debian-gcc, r-devel-linux-x86_64-fedora-clang, r-devel-linux-x86_64-fedora-gcc, r-patched-linux-x86_64
Version: 5.0
Check: installed package size
Result: NOTE
installed size is 5.2Mb
sub-directories of 1Mb or more:
R 3.2Mb
doc 1.1Mb
Flavors: r-devel-linux-x86_64-fedora-clang, r-release-windows-x86_64, r-oldrel-windows-ix86+x86_64