CRAN Package Check Results for Package softclassval

Last updated on 2021-04-21 12:55:09 CEST.

Flavor Version Tinstall Tcheck Ttotal Status Flags
r-devel-linux-x86_64-debian-clang 1.0-20160527 2.40 29.58 31.98 NOTE
r-devel-linux-x86_64-debian-gcc 1.0-20160527 2.08 23.26 25.34 NOTE
r-devel-linux-x86_64-fedora-clang 1.0-20160527 49.66 NOTE
r-devel-linux-x86_64-fedora-gcc 1.0-20160527 38.80 NOTE
r-devel-windows-ix86+x86_64 1.0-20160527 8.00 37.00 45.00 NOTE
r-devel-windows-x86_64-gcc10-UCRT 1.0-20160527 NOTE
r-patched-linux-x86_64 1.0-20160527 2.95 28.61 31.56 WARN
r-patched-solaris-x86 1.0-20160527 58.40 OK
r-release-linux-x86_64 1.0-20160527 2.83 28.61 31.44 OK
r-release-macos-x86_64 1.0-20160527 OK
r-release-windows-ix86+x86_64 1.0-20160527 7.00 59.00 66.00 OK
r-oldrel-macos-x86_64 1.0-20160527 OK
r-oldrel-windows-ix86+x86_64 1.0-20160527 5.00 48.00 53.00 OK

Check Details

Version: 1.0-20160527
Check: LazyData
Result: NOTE
     'LazyData' is specified without a 'data' directory
Flavors: r-devel-linux-x86_64-debian-clang, r-devel-linux-x86_64-debian-gcc, r-devel-linux-x86_64-fedora-clang, r-devel-linux-x86_64-fedora-gcc, r-devel-windows-ix86+x86_64, r-devel-windows-x86_64-gcc10-UCRT

Version: 1.0-20160527
Check: whether package can be installed
Result: WARN
    Found the following significant warnings:
     Rd warning: /tmp/Rtmpi9pdWb/R.INSTALL3b761eac86f3/softclassval/man/hardclasses.Rd:22: file link ‘drop1d’ in package ‘arrayhelpers’ does not exist and so has been treated as a topic
     Rd warning: /tmp/Rtmpi9pdWb/R.INSTALL3b761eac86f3/softclassval/man/softclassval.unittest.Rd:14: file link ‘svUnit’ in package ‘svUnit’ does not exist and so has been treated as a topic
     Rd warning: /tmp/Rtmpi9pdWb/R.INSTALL3b761eac86f3/softclassval/man/softclassval.unittest.Rd:10: file link ‘svUnit’ in package ‘svUnit’ does not exist and so has been treated as a topic
     Rd warning: /tmp/Rtmpi9pdWb/R.INSTALL3b761eac86f3/softclassval/man/softclassval.unittest.Rd:20: file link ‘svUnit’ in package ‘svUnit’ does not exist and so has been treated as a topic
Flavor: r-patched-linux-x86_64