Last updated on 2025-02-22 12:50:51 CET.
Flavor | Version | Tinstall | Tcheck | Ttotal | Status | Flags |
---|---|---|---|---|---|---|
r-devel-linux-x86_64-debian-clang | 1.2 | 2.80 | 25.95 | 28.75 | NOTE | |
r-devel-linux-x86_64-debian-gcc | 1.2 | 2.03 | 19.86 | 21.89 | NOTE | |
r-devel-linux-x86_64-fedora-clang | 1.2 | 42.19 | NOTE | |||
r-devel-linux-x86_64-fedora-gcc | 1.2 | 40.11 | NOTE | |||
r-devel-macos-arm64 | 1.2 | 17.00 | NOTE | |||
r-devel-macos-x86_64 | 1.2 | 31.00 | NOTE | |||
r-devel-windows-x86_64 | 1.2 | 4.00 | 47.00 | 51.00 | NOTE | |
r-patched-linux-x86_64 | 1.2 | 2.78 | 24.01 | 26.79 | NOTE | |
r-release-linux-x86_64 | 1.2 | 2.75 | 24.15 | 26.90 | NOTE | |
r-release-macos-arm64 | 1.2 | 17.00 | NOTE | |||
r-release-macos-x86_64 | 1.2 | 26.00 | NOTE | |||
r-release-windows-x86_64 | 1.2 | 3.00 | 47.00 | 50.00 | NOTE | |
r-oldrel-macos-arm64 | 1.2 | 19.00 | OK | |||
r-oldrel-macos-x86_64 | 1.2 | 25.00 | OK | |||
r-oldrel-windows-x86_64 | 1.2 | 4.00 | 46.00 | 50.00 | OK |
Version: 1.2
Check: Rd files
Result: NOTE
checkRd: (-1) s_soda_pred.Rd:8: Lost braces; missing escapes or markup?
8 | S-SODA assumes within each slice the X vector follow multivariate normal distribution. This function predicts the response y by reverting the P(X | slice(y)) to P(slice(y) | X), and estimates the E(y|X) as sum_{h} E(y | slice(y)=h, X) P (slice(y)=h | X)
| ^
Flavors: r-devel-linux-x86_64-debian-clang, r-devel-linux-x86_64-debian-gcc, r-devel-linux-x86_64-fedora-clang, r-devel-linux-x86_64-fedora-gcc, r-devel-macos-arm64, r-devel-macos-x86_64, r-devel-windows-x86_64, r-patched-linux-x86_64, r-release-linux-x86_64, r-release-macos-arm64, r-release-macos-x86_64, r-release-windows-x86_64