Last updated on 2023-03-28 21:54:11 CEST.
Flavor | Version | Tinstall | Tcheck | Ttotal | Status | Flags |
---|---|---|---|---|---|---|
r-devel-linux-x86_64-debian-clang | 0.8.0 | 10.89 | 117.77 | 128.66 | OK | |
r-devel-linux-x86_64-debian-gcc | 0.8.0 | 8.39 | 87.96 | 96.35 | OK | |
r-devel-linux-x86_64-fedora-clang | 0.8.0 | 164.24 | NOTE | |||
r-devel-linux-x86_64-fedora-gcc | 0.8.0 | 157.87 | NOTE | |||
r-patched-linux-x86_64 | 0.8.0 | 19.79 | 110.50 | 130.29 | OK | |
r-release-linux-x86_64 | 0.8.0 | 8.58 | 114.64 | 123.22 | OK | |
r-release-macos-arm64 | 0.8.0 | 40.00 | NOTE | |||
r-release-macos-x86_64 | 0.8.0 | 78.00 | NOTE | |||
r-release-windows-x86_64 | 0.8.0 | 45.00 | 153.00 | 198.00 | OK | |
r-oldrel-macos-arm64 | 0.8.0 | 61.00 | NOTE | |||
r-oldrel-macos-x86_64 | 0.8.0 | 58.00 | NOTE | |||
r-oldrel-windows-ix86+x86_64 | 0.8.0 | 26.00 | 149.00 | 175.00 | OK |
Version: 0.8.0
Check: dependencies in R code
Result: NOTE
Namespaces in Imports field not imported from:
‘FactoMineR’ ‘flextable’ ‘htmlTable’ ‘stringr’
All declared Imports should be used.
Flavors: r-devel-linux-x86_64-fedora-clang, r-devel-linux-x86_64-fedora-gcc, r-release-macos-arm64, r-release-macos-x86_64, r-oldrel-macos-arm64, r-oldrel-macos-x86_64
Version: 0.8.0
Check: data for non-ASCII characters
Result: NOTE
Note: found 938 marked UTF-8 strings
Flavors: r-devel-linux-x86_64-fedora-clang, r-devel-linux-x86_64-fedora-gcc, r-release-macos-arm64, r-release-macos-x86_64, r-oldrel-macos-arm64, r-oldrel-macos-x86_64