CRAN Package Check Results for Package sobolnp

Last updated on 2022-10-01 05:51:35 CEST.

Flavor Version Tinstall Tcheck Ttotal Status Flags
r-devel-linux-x86_64-debian-clang 0.1.0 8.31 108.91 117.22 NOTE
r-devel-linux-x86_64-debian-gcc 0.1.0 7.72 80.62 88.34 NOTE
r-devel-linux-x86_64-fedora-clang 0.1.0 149.33 NOTE
r-devel-linux-x86_64-fedora-gcc 0.1.0 144.40 NOTE
r-devel-windows-x86_64 0.1.0 15.00 132.00 147.00 NOTE
r-patched-linux-x86_64 0.1.0 9.30 102.41 111.71 NOTE
r-release-linux-x86_64 0.1.0 9.40 102.68 112.08 NOTE
r-release-macos-arm64 0.1.0 60.00 NOTE
r-release-macos-x86_64 0.1.0 56.00 NOTE
r-release-windows-x86_64 0.1.0 13.00 127.00 140.00 NOTE
r-oldrel-macos-arm64 0.1.0 44.00 NOTE
r-oldrel-macos-x86_64 0.1.0 68.00 NOTE
r-oldrel-windows-ix86+x86_64 0.1.0 20.00 122.00 142.00 NOTE

Check Details

Version: 0.1.0
Check: LazyData
Result: NOTE
     'LazyData' is specified without a 'data' directory
Flavors: r-devel-linux-x86_64-debian-clang, r-devel-linux-x86_64-debian-gcc, r-devel-linux-x86_64-fedora-clang, r-devel-linux-x86_64-fedora-gcc, r-devel-windows-x86_64, r-patched-linux-x86_64, r-release-linux-x86_64, r-release-macos-arm64, r-release-macos-x86_64, r-release-windows-x86_64, r-oldrel-macos-arm64, r-oldrel-macos-x86_64, r-oldrel-windows-ix86+x86_64