Last updated on 2024-04-25 06:54:32 CEST.
Flavor | Version | Tinstall | Tcheck | Ttotal | Status | Flags |
---|---|---|---|---|---|---|
r-devel-linux-x86_64-debian-clang | 0.1.2 | 11.88 | 91.59 | 103.47 | OK | |
r-devel-linux-x86_64-debian-gcc | 0.1.2 | 7.91 | 67.36 | 75.27 | OK | |
r-devel-linux-x86_64-fedora-clang | 0.1.2 | 137.49 | NOTE | |||
r-devel-linux-x86_64-fedora-gcc | 0.1.2 | 123.08 | OK | |||
r-devel-windows-x86_64 | 0.1.2 | 12.00 | 83.00 | 95.00 | OK | |
r-patched-linux-x86_64 | 0.1.2 | 10.35 | 88.36 | 98.71 | OK | |
r-release-linux-x86_64 | 0.1.2 | 8.63 | 91.61 | 100.24 | OK | |
r-release-macos-arm64 | 0.1.2 | 36.00 | OK | |||
r-release-windows-x86_64 | 0.1.2 | 10.00 | 79.00 | 89.00 | OK | |
r-oldrel-macos-arm64 | 0.1.2 | 40.00 | OK | |||
r-oldrel-macos-x86_64 | 0.1.2 | 65.00 | OK | |||
r-oldrel-windows-x86_64 | 0.1.2 | 15.00 | 95.00 | 110.00 | OK |
Version: 0.1.2
Check: Rd cross-references
Result: NOTE
Undeclared package ‘andrews’ in Rd xrefs
Flavor: r-devel-linux-x86_64-fedora-clang