CRAN Package Check Results for Package smoothr

Last updated on 2022-01-24 12:52:24 CET.

Flavor Version Tinstall Tcheck Ttotal Status Flags
r-devel-linux-x86_64-debian-clang 0.2.2 23.77 273.43 297.20 OK
r-devel-linux-x86_64-debian-gcc 0.2.2 21.31 201.12 222.43 OK
r-devel-linux-x86_64-fedora-clang 0.2.2 357.09 NOTE
r-devel-linux-x86_64-fedora-gcc 0.2.2 381.53 NOTE
r-devel-windows-x86_64-new-UL 0.2.2 39.00 261.00 300.00 OK
r-devel-windows-x86_64-new-TK 0.2.2 NOTE
r-patched-linux-x86_64 0.2.2 22.30 267.29 289.59 OK
r-release-linux-x86_64 0.2.2 23.60 260.27 283.87 OK
r-release-macos-arm64 0.2.2 NOTE
r-release-macos-x86_64 0.2.2 NOTE
r-release-windows-ix86+x86_64 0.2.2 54.00 280.00 334.00 OK
r-oldrel-macos-x86_64 0.2.2 NOTE
r-oldrel-windows-ix86+x86_64 0.2.2 57.00 298.00 355.00 OK

Check Details

Version: 0.2.2
Check: dependencies in R code
Result: NOTE
    Namespaces in Imports field not imported from:
     ‘methods’ ‘rgeos’
     All declared Imports should be used.
Flavors: r-devel-linux-x86_64-fedora-clang, r-devel-linux-x86_64-fedora-gcc, r-devel-windows-x86_64-new-TK, r-release-macos-arm64, r-release-macos-x86_64, r-oldrel-macos-x86_64