CRAN Package Check Results for Package smoothAPC

Last updated on 2022-01-26 12:58:15 CET.

Flavor Version Tinstall Tcheck Ttotal Status Flags
r-devel-linux-x86_64-debian-clang 0.3 16.06 185.72 201.78 NOTE
r-devel-linux-x86_64-debian-gcc 0.3 14.33 142.68 157.01 NOTE
r-devel-linux-x86_64-fedora-clang 0.3 243.02 NOTE
r-devel-linux-x86_64-fedora-gcc 0.3 240.38 NOTE
r-devel-windows-x86_64-new-UL 0.3 57.00 211.00 268.00 NOTE
r-devel-windows-x86_64-new-TK 0.3 NOTE
r-patched-linux-x86_64 0.3 15.63 178.54 194.17 NOTE
r-release-linux-x86_64 0.3 13.99 176.99 190.98 NOTE
r-release-macos-arm64 0.3 NOTE
r-release-macos-x86_64 0.3 NOTE
r-release-windows-ix86+x86_64 0.3 36.00 200.00 236.00 NOTE
r-oldrel-macos-x86_64 0.3 NOTE
r-oldrel-windows-ix86+x86_64 0.3 39.00 210.00 249.00 OK

Check Details

Version: 0.3
Check: LazyData
Result: NOTE
     'LazyData' is specified without a 'data' directory
Flavors: r-devel-linux-x86_64-debian-clang, r-devel-linux-x86_64-debian-gcc, r-devel-linux-x86_64-fedora-clang, r-devel-linux-x86_64-fedora-gcc, r-devel-windows-x86_64-new-UL, r-devel-windows-x86_64-new-TK, r-patched-linux-x86_64, r-release-linux-x86_64, r-release-macos-arm64, r-release-macos-x86_64, r-release-windows-ix86+x86_64

Version: 0.3
Check: dependencies in R code
Result: NOTE
    Namespaces in Imports field not imported from:
     ‘compiler’ ‘lmtest’
     All declared Imports should be used.
Flavors: r-devel-linux-x86_64-fedora-clang, r-devel-linux-x86_64-fedora-gcc, r-devel-windows-x86_64-new-TK, r-release-macos-arm64, r-release-macos-x86_64, r-oldrel-macos-x86_64