Last updated on 2025-01-19 06:48:34 CET.
Flavor | Version | Tinstall | Tcheck | Ttotal | Status | Flags |
---|---|---|---|---|---|---|
r-devel-linux-x86_64-debian-clang | 1.0.3 | 40.24 | 83.34 | 123.58 | NOTE | |
r-devel-linux-x86_64-debian-gcc | 1.0.3 | 28.64 | 57.33 | 85.97 | NOTE | |
r-devel-linux-x86_64-fedora-clang | 1.0.3 | 211.75 | NOTE | |||
r-devel-linux-x86_64-fedora-gcc | 1.0.3 | 231.04 | NOTE | |||
r-devel-windows-x86_64 | 1.0.3 | 38.00 | 118.00 | 156.00 | NOTE | |
r-patched-linux-x86_64 | 1.0.3 | 41.83 | 76.63 | 118.46 | NOTE | |
r-release-linux-x86_64 | 1.0.3 | 43.18 | 77.29 | 120.47 | NOTE | |
r-release-macos-arm64 | 1.0.3 | 56.00 | NOTE | |||
r-release-macos-x86_64 | 1.0.3 | 81.00 | NOTE | |||
r-release-windows-x86_64 | 1.0.3 | 41.00 | 116.00 | 157.00 | NOTE | |
r-oldrel-macos-arm64 | 1.0.3 | 60.00 | NOTE | |||
r-oldrel-macos-x86_64 | 1.0.3 | 100.00 | NOTE | |||
r-oldrel-windows-x86_64 | 1.0.3 | 46.00 | 132.00 | 178.00 | NOTE |
Version: 1.0.3
Check: C++ specification
Result: NOTE
Specified C++11: please drop specification unless essential
Flavors: r-devel-linux-x86_64-debian-clang, r-devel-linux-x86_64-debian-gcc, r-devel-linux-x86_64-fedora-clang, r-devel-linux-x86_64-fedora-gcc, r-devel-windows-x86_64, r-patched-linux-x86_64, r-release-linux-x86_64, r-release-macos-arm64, r-release-macos-x86_64, r-release-windows-x86_64, r-oldrel-macos-arm64, r-oldrel-macos-x86_64, r-oldrel-windows-x86_64
Version: 1.0.3
Check: Rd files
Result: NOTE
checkRd: (-1) getKernel.Rd:25-26: Lost braces in \itemize; \value handles \item{}{} directly
checkRd: (-1) getKernel.Rd:27-28: Lost braces in \itemize; \value handles \item{}{} directly
Flavors: r-devel-linux-x86_64-debian-clang, r-devel-linux-x86_64-debian-gcc, r-devel-linux-x86_64-fedora-clang, r-devel-linux-x86_64-fedora-gcc, r-devel-windows-x86_64, r-patched-linux-x86_64, r-release-linux-x86_64, r-release-macos-arm64, r-release-macos-x86_64, r-release-windows-x86_64
Version: 1.0.3
Check: installed package size
Result: NOTE
installed size is 5.1Mb
sub-directories of 1Mb or more:
libs 4.2Mb
Flavors: r-release-macos-arm64, r-release-macos-x86_64, r-oldrel-macos-arm64, r-oldrel-macos-x86_64