CRAN Package Check Results for Package smdi

Last updated on 2024-06-19 21:50:15 CEST.

Flavor Version Tinstall Tcheck Ttotal Status Flags
r-devel-linux-x86_64-debian-clang 0.2.2 15.07 578.80 593.87 NOTE
r-devel-linux-x86_64-debian-gcc 0.2.2 13.40 417.33 430.73 NOTE
r-devel-linux-x86_64-fedora-clang 0.2.2 734.31 NOTE
r-devel-linux-x86_64-fedora-gcc 0.2.2 714.63 NOTE
r-devel-windows-x86_64 0.2.2 17.00 456.00 473.00 NOTE
r-patched-linux-x86_64 0.2.2 22.43 541.62 564.05 NOTE
r-release-linux-x86_64 0.2.2 14.99 534.15 549.14 NOTE
r-release-macos-arm64 0.2.2 264.00 NOTE
r-release-macos-x86_64 0.2.2 350.00 NOTE
r-release-windows-x86_64 0.2.2 15.00 462.00 477.00 NOTE
r-oldrel-macos-arm64 0.2.2 186.00 OK
r-oldrel-macos-x86_64 0.2.2 266.00 OK
r-oldrel-windows-x86_64 0.2.2 20.00 535.00 555.00 OK

Check Details

Version: 0.2.2
Check: Rd files
Result: NOTE checkRd: (-1) smdi_diagnose.Rd:49: Lost braces; missing escapes or markup? 49 | \item asmd_{mean/median}: average/median absolute standardized mean difference (and min, max) of patient characteristics between those without (1) and with (0) observed covariate | ^ Flavors: r-devel-linux-x86_64-debian-clang, r-devel-linux-x86_64-debian-gcc, r-devel-linux-x86_64-fedora-clang, r-devel-linux-x86_64-fedora-gcc, r-devel-windows-x86_64, r-patched-linux-x86_64, r-release-linux-x86_64, r-release-macos-arm64, r-release-macos-x86_64, r-release-windows-x86_64