Last updated on 2025-02-04 03:50:01 CET.
Flavor | Version | Tinstall | Tcheck | Ttotal | Status | Flags |
---|---|---|---|---|---|---|
r-devel-linux-x86_64-debian-clang | 1.2 | 1.47 | 21.28 | 22.75 | NOTE | |
r-devel-linux-x86_64-debian-gcc | 1.2 | 1.05 | 17.71 | 18.76 | NOTE | |
r-devel-linux-x86_64-fedora-clang | 1.2 | 37.14 | NOTE | |||
r-devel-linux-x86_64-fedora-gcc | 1.2 | 35.51 | NOTE | |||
r-devel-windows-x86_64 | 1.2 | 2.00 | 46.00 | 48.00 | NOTE | |
r-patched-linux-x86_64 | 1.2 | 1.89 | 20.45 | 22.34 | NOTE | |
r-release-linux-x86_64 | 1.2 | 1.44 | 20.23 | 21.67 | NOTE | |
r-release-macos-arm64 | 1.2 | 18.00 | NOTE | |||
r-release-macos-x86_64 | 1.2 | 24.00 | NOTE | |||
r-release-windows-x86_64 | 1.2 | 2.00 | 45.00 | 47.00 | NOTE | |
r-oldrel-macos-arm64 | 1.2 | 17.00 | OK | |||
r-oldrel-macos-x86_64 | 1.2 | 22.00 | OK | |||
r-oldrel-windows-x86_64 | 1.2 | 4.00 | 47.00 | 51.00 | OK |
Version: 1.2
Check: Rd files
Result: NOTE
checkRd: (-1) trlong.Rd:17: Lost braces
17 | \item{\code{resp}}{a factor indicating the transport mode choice, and \code{B} denotes taking the bus, code{D} denotes driving one's own vehicle, \code{F} denotes getting a ride with a friend, \code{O} denotes other, and \code{W} denotes walking}
| ^
Flavors: r-devel-linux-x86_64-debian-clang, r-devel-linux-x86_64-debian-gcc, r-devel-linux-x86_64-fedora-clang, r-devel-linux-x86_64-fedora-gcc, r-devel-windows-x86_64, r-patched-linux-x86_64, r-release-linux-x86_64, r-release-macos-arm64, r-release-macos-x86_64, r-release-windows-x86_64