CRAN Package Check Results for Package smartsnp

Last updated on 2023-03-25 21:53:07 CET.

Flavor Version Tinstall Tcheck Ttotal Status Flags
r-devel-linux-x86_64-debian-clang 1.1.0 32.93 65.58 98.51 NOTE
r-devel-linux-x86_64-debian-gcc 1.1.0 27.46 49.80 77.26 NOTE
r-devel-linux-x86_64-fedora-clang 1.1.0 136.70 NOTE
r-devel-linux-x86_64-fedora-gcc 1.1.0 122.38 NOTE
r-patched-linux-x86_64 1.1.0 24.07 63.19 87.26 NOTE
r-release-linux-x86_64 1.1.0 24.97 62.56 87.53 NOTE
r-release-macos-arm64 1.1.0 40.00 NOTE
r-release-macos-x86_64 1.1.0 55.00 NOTE
r-release-windows-x86_64 1.1.0 44.00 123.00 167.00 NOTE
r-oldrel-macos-arm64 1.1.0 41.00 NOTE
r-oldrel-macos-x86_64 1.1.0 61.00 NOTE
r-oldrel-windows-ix86+x86_64 1.1.0 86.00 134.00 220.00 NOTE

Check Details

Version: 1.1.0
Check: LazyData
Result: NOTE
     'LazyData' is specified without a 'data' directory
Flavors: r-devel-linux-x86_64-debian-clang, r-devel-linux-x86_64-debian-gcc, r-devel-linux-x86_64-fedora-clang, r-devel-linux-x86_64-fedora-gcc, r-patched-linux-x86_64, r-release-linux-x86_64, r-release-macos-arm64, r-release-macos-x86_64, r-release-windows-x86_64, r-oldrel-macos-arm64, r-oldrel-macos-x86_64, r-oldrel-windows-ix86+x86_64