CRAN Package Check Results for Package slim

Last updated on 2025-02-01 21:49:26 CET.

Flavor Version Tinstall Tcheck Ttotal Status Flags
r-devel-linux-x86_64-debian-clang 0.1.1 2.37 46.70 49.07 NOTE
r-devel-linux-x86_64-debian-gcc 0.1.1 1.75 35.34 37.09 NOTE
r-devel-linux-x86_64-fedora-clang 0.1.1 79.38 NOTE
r-devel-linux-x86_64-fedora-gcc 0.1.1 88.91 NOTE
r-devel-windows-x86_64 0.1.1 4.00 94.00 98.00 NOTE
r-patched-linux-x86_64 0.1.1 2.25 43.81 46.06 NOTE
r-release-linux-x86_64 0.1.1 2.24 43.82 46.06 NOTE
r-release-macos-arm64 0.1.1 33.00 NOTE
r-release-macos-x86_64 0.1.1 52.00 NOTE
r-release-windows-x86_64 0.1.1 3.00 91.00 94.00 NOTE
r-oldrel-macos-arm64 0.1.1 36.00 OK
r-oldrel-macos-x86_64 0.1.1 49.00 OK
r-oldrel-windows-x86_64 0.1.1 3.00 89.00 92.00 OK

Check Details

Version: 0.1.1
Check: Rd files
Result: NOTE checkRd: (-1) fit_slim.Rd:24: Lost braces; missing escapes or markup? 24 | sum(x' V^{-1} (y - x beta)) = 0 as the covariance V tends from V[, , 1] + | ^ Flavors: r-devel-linux-x86_64-debian-clang, r-devel-linux-x86_64-debian-gcc, r-devel-linux-x86_64-fedora-clang, r-devel-linux-x86_64-fedora-gcc, r-devel-windows-x86_64, r-patched-linux-x86_64, r-release-linux-x86_64, r-release-macos-arm64, r-release-macos-x86_64, r-release-windows-x86_64