CRAN Package Check Results for Package slickR

Last updated on 2023-11-29 12:57:03 CET.

Flavor Version Tinstall Tcheck Ttotal Status Flags
r-devel-linux-x86_64-debian-clang 0.6.0 3.50 63.29 66.79 NOTE
r-devel-linux-x86_64-debian-gcc 0.6.0 2.84 49.48 52.32 NOTE
r-devel-linux-x86_64-fedora-clang 0.6.0 83.53 OK
r-devel-linux-x86_64-fedora-gcc 0.6.0 95.89 OK
r-devel-windows-x86_64 0.6.0 5.00 78.00 83.00 OK
r-patched-linux-x86_64 0.6.0 3.78 61.26 65.04 OK
r-release-linux-x86_64 0.6.0 2.49 63.04 65.53 OK
r-release-macos-arm64 0.6.0 50.00 OK
r-release-macos-x86_64 0.6.0 67.00 OK
r-release-windows-x86_64 0.6.0 7.00 92.00 99.00 OK
r-oldrel-macos-arm64 0.6.0 39.00 OK
r-oldrel-macos-x86_64 0.6.0 46.00 OK
r-oldrel-windows-x86_64 0.6.0 8.00 87.00 95.00 OK

Check Details

Version: 0.6.0
Check: Rd files
Result: NOTE checkRd: (-1) nba_team_logo.Rd:22: Lost braces; missing escapes or markup? 22 | https://i.cdn.turner.com/nba/nba/.element/img/4.0/global/logos/512x512/bg.white/svg/{team_short_name}.svg | ^ Flavors: r-devel-linux-x86_64-debian-clang, r-devel-linux-x86_64-debian-gcc