CRAN Package Check Results for Package sleepr

Last updated on 2024-05-29 03:52:04 CEST.

Flavor Version Tinstall Tcheck Ttotal Status Flags
r-devel-linux-x86_64-debian-clang 0.3.0 3.23 41.39 44.62 NOTE
r-devel-linux-x86_64-debian-gcc 0.3.0 2.55 38.91 41.46 NOTE
r-devel-linux-x86_64-fedora-clang 0.3.0 63.67 NOTE
r-devel-linux-x86_64-fedora-gcc 0.3.0 57.90 NOTE
r-devel-windows-x86_64 0.3.0 3.00 55.00 58.00 NOTE
r-patched-linux-x86_64 0.3.0 4.69 48.13 52.82 NOTE
r-release-linux-x86_64 0.3.0 3.29 46.69 49.98 NOTE
r-release-macos-arm64 0.3.0 23.00 NOTE
r-release-windows-x86_64 0.3.0 4.00 54.00 58.00 NOTE
r-oldrel-macos-arm64 0.3.0 24.00 NOTE
r-oldrel-macos-x86_64 0.3.0 34.00 NOTE
r-oldrel-windows-x86_64 0.3.0 5.00 56.00 61.00 NOTE

Check Details

Version: 0.3.0
Check: LazyData
Result: NOTE 'LazyData' is specified without a 'data' directory Flavors: r-devel-linux-x86_64-debian-clang, r-devel-linux-x86_64-debian-gcc, r-devel-linux-x86_64-fedora-clang, r-devel-linux-x86_64-fedora-gcc, r-devel-windows-x86_64, r-patched-linux-x86_64, r-release-linux-x86_64, r-release-macos-arm64, r-release-windows-x86_64, r-oldrel-macos-arm64, r-oldrel-macos-x86_64, r-oldrel-windows-x86_64