Last updated on 2024-03-28 06:53:03 CET.
Flavor | Version | Tinstall | Tcheck | Ttotal | Status | Flags |
---|---|---|---|---|---|---|
r-devel-linux-x86_64-debian-clang | 1.0.0 | 18.46 | 315.72 | 334.18 | OK | |
r-devel-linux-x86_64-debian-gcc | 1.0.0 | 14.76 | 226.04 | 240.80 | OK | |
r-devel-linux-x86_64-fedora-clang | 1.0.0 | 400.26 | NOTE | |||
r-devel-linux-x86_64-fedora-gcc | 1.0.0 | 426.74 | NOTE | |||
r-devel-windows-x86_64 | 1.0.0 | 16.00 | 451.00 | 467.00 | OK | |
r-patched-linux-x86_64 | 1.0.0 | 13.66 | 308.64 | 322.30 | OK | |
r-release-linux-x86_64 | 1.0.0 | 18.17 | 312.28 | 330.45 | OK | |
r-release-macos-arm64 | 1.0.0 | 333.00 | OK | |||
r-release-macos-x86_64 | 1.0.0 | 420.00 | OK | |||
r-release-windows-x86_64 | 1.0.0 | 21.00 | 536.00 | 557.00 | OK | |
r-oldrel-macos-arm64 | 1.0.0 | 311.00 | NOTE | |||
r-oldrel-windows-x86_64 | 1.0.0 | 22.00 | 538.00 | 560.00 | OK |
Version: 1.0.0
Check: dependencies in R code
Result: NOTE
Namespaces in Imports field not imported from:
‘numDeriv’ ‘png’
All declared Imports should be used.
Flavors: r-devel-linux-x86_64-fedora-clang, r-devel-linux-x86_64-fedora-gcc, r-oldrel-macos-arm64