CRAN Package Check Results for Package skmeans

Last updated on 2022-01-28 06:53:35 CET.

Flavor Version Tinstall Tcheck Ttotal Status Flags
r-devel-linux-x86_64-debian-clang 0.2-14 2.62 385.70 388.32 NOTE
r-devel-linux-x86_64-debian-gcc 0.2-14 2.64 263.74 266.38 NOTE
r-devel-linux-x86_64-fedora-clang 0.2-14 451.65 NOTE
r-devel-linux-x86_64-fedora-gcc 0.2-14 418.69 NOTE
r-devel-windows-x86_64-new-UL 0.2-14 28.00 319.00 347.00 NOTE
r-devel-windows-x86_64-new-TK 0.2-14 NOTE
r-patched-linux-x86_64 0.2-14 3.42 351.76 355.18 NOTE
r-release-linux-x86_64 0.2-14 3.19 350.22 353.41 NOTE
r-release-macos-arm64 0.2-14 NOTE
r-release-macos-x86_64 0.2-14 NOTE
r-release-windows-ix86+x86_64 0.2-14 7.00 408.00 415.00 NOTE
r-oldrel-macos-x86_64 0.2-14 NOTE
r-oldrel-windows-ix86+x86_64 0.2-14 7.00 414.00 421.00 NOTE

Check Details

Version: 0.2-14
Check: package dependencies
Result: NOTE
    Package which this enhances but not available for checking: 'kmndirs'
Flavors: r-devel-linux-x86_64-debian-clang, r-devel-linux-x86_64-debian-gcc, r-devel-linux-x86_64-fedora-clang, r-devel-linux-x86_64-fedora-gcc, r-devel-windows-x86_64-new-UL, r-devel-windows-x86_64-new-TK, r-patched-linux-x86_64, r-release-linux-x86_64, r-release-macos-arm64, r-release-macos-x86_64, r-release-windows-ix86+x86_64, r-oldrel-macos-x86_64, r-oldrel-windows-ix86+x86_64

Version: 0.2-14
Check: dependencies in R code
Result: NOTE
    Unavailable namespace imported from by a ':::' call: 'kmndirs'
     See the note in ?`:::` about the use of this operator.
Flavors: r-devel-linux-x86_64-debian-clang, r-devel-linux-x86_64-debian-gcc, r-devel-linux-x86_64-fedora-clang, r-devel-linux-x86_64-fedora-gcc, r-devel-windows-x86_64-new-UL, r-devel-windows-x86_64-new-TK, r-patched-linux-x86_64, r-release-linux-x86_64, r-release-macos-arm64, r-release-macos-x86_64, r-release-windows-ix86+x86_64, r-oldrel-macos-x86_64, r-oldrel-windows-ix86+x86_64