Last updated on 2023-10-04 20:42:40 CEST.
Flavor | Version | Tinstall | Tcheck | Ttotal | Status | Flags |
---|---|---|---|---|---|---|
r-devel-linux-x86_64-debian-clang | 0.2-16 | 2.41 | 473.71 | 476.12 | NOTE | |
r-devel-linux-x86_64-debian-gcc | 0.2-16 | 2.80 | 324.10 | 326.90 | NOTE | |
r-devel-linux-x86_64-fedora-clang | 0.2-16 | 555.95 | NOTE | |||
r-devel-linux-x86_64-fedora-gcc | 0.2-16 | 534.77 | NOTE | |||
r-devel-windows-x86_64 | 0.2-16 | 3.00 | 318.00 | 321.00 | NOTE | |
r-patched-linux-x86_64 | 0.2-16 | 3.48 | 408.24 | 411.72 | NOTE | |
r-release-linux-x86_64 | 0.2-16 | 2.34 | 442.53 | 444.87 | NOTE | |
r-release-macos-arm64 | 0.2-16 | 161.00 | NOTE | |||
r-release-macos-x86_64 | 0.2-16 | 426.00 | NOTE | |||
r-release-windows-x86_64 | 0.2-16 | 5.00 | 376.00 | 381.00 | NOTE | |
r-oldrel-macos-arm64 | 0.2-16 | 139.00 | NOTE | |||
r-oldrel-macos-x86_64 | 0.2-16 | 155.00 | NOTE | |||
r-oldrel-windows-x86_64 | 0.2-16 | 6.00 | 314.00 | 320.00 | NOTE |
Version: 0.2-16
Check: package dependencies
Result: NOTE
Package which this enhances but not available for checking: ‘kmndirs’
Flavors: r-devel-linux-x86_64-debian-clang, r-devel-linux-x86_64-debian-gcc, r-devel-linux-x86_64-fedora-clang, r-devel-linux-x86_64-fedora-gcc, r-devel-windows-x86_64, r-patched-linux-x86_64, r-release-linux-x86_64, r-release-macos-arm64, r-release-macos-x86_64, r-release-windows-x86_64, r-oldrel-macos-arm64, r-oldrel-macos-x86_64, r-oldrel-windows-x86_64
Version: 0.2-16
Check: dependencies in R code
Result: NOTE
Unavailable namespace imported from by a ':::' call: ‘kmndirs’
See the note in ?`:::` about the use of this operator.
Flavors: r-devel-linux-x86_64-debian-clang, r-devel-linux-x86_64-debian-gcc, r-devel-linux-x86_64-fedora-clang, r-devel-linux-x86_64-fedora-gcc, r-devel-windows-x86_64, r-patched-linux-x86_64, r-release-linux-x86_64, r-release-macos-arm64, r-release-macos-x86_64, r-release-windows-x86_64, r-oldrel-macos-arm64, r-oldrel-macos-x86_64, r-oldrel-windows-x86_64